Last updated on 2025-11-16 04:48:41 CET.
| Flavor | Version | Tinstall | Tcheck | Ttotal | Status | Flags |
|---|---|---|---|---|---|---|
| r-devel-linux-x86_64-debian-clang | 0.3.0 | 3.20 | 26.52 | 29.72 | OK | |
| r-devel-linux-x86_64-debian-gcc | 0.3.0 | 2.26 | 21.24 | 23.50 | NOTE | |
| r-devel-linux-x86_64-fedora-clang | 0.3.0 | 43.13 | OK | |||
| r-devel-linux-x86_64-fedora-gcc | 0.3.0 | 40.73 | OK | |||
| r-devel-windows-x86_64 | 0.3.0 | 7.00 | 43.00 | 50.00 | OK | |
| r-patched-linux-x86_64 | 0.3.0 | 3.23 | 24.12 | 27.35 | OK | |
| r-release-linux-x86_64 | 0.3.0 | 3.04 | 24.14 | 27.18 | OK | |
| r-release-macos-arm64 | 0.3.0 | 2.00 | 69.00 | 71.00 | OK | |
| r-release-macos-x86_64 | 0.3.0 | 3.00 | 44.00 | 47.00 | OK | |
| r-release-windows-x86_64 | 0.3.0 | 6.00 | 42.00 | 48.00 | OK | |
| r-oldrel-macos-arm64 | 0.3.0 | 2.00 | 44.00 | 46.00 | OK | |
| r-oldrel-macos-x86_64 | 0.3.0 | 3.00 | 42.00 | 45.00 | OK | |
| r-oldrel-windows-x86_64 | 0.3.0 | 4.00 | 49.00 | 53.00 | OK |
Version: 0.3.0
Check: CRAN incoming feasibility
Result: NOTE
Maintainer: ‘Timothée Giraud <timothee.giraud@cnrs.fr>’
The BugReports field in DESCRIPTION has
https://github.com/riatelab/maplegend/issues/
which should likely be
https://github.com/riatelab/maplegend/issues/issues
instead.
Flavor: r-devel-linux-x86_64-debian-gcc