CRAN Package Check Results for Package mapsf

Last updated on 2025-11-16 04:48:41 CET.

Flavor Version Tinstall Tcheck Ttotal Status Flags
r-devel-linux-x86_64-debian-clang 1.0.0 8.27 98.07 106.34 OK
r-devel-linux-x86_64-debian-gcc 1.0.0 4.92 72.18 77.10 NOTE
r-devel-linux-x86_64-fedora-clang 1.0.0 16.00 147.77 163.77 OK
r-devel-linux-x86_64-fedora-gcc 1.0.0 18.00 157.38 175.38 OK
r-devel-windows-x86_64 1.0.0 10.00 117.00 127.00 OK
r-patched-linux-x86_64 1.0.0 9.36 95.22 104.58 OK
r-release-linux-x86_64 1.0.0 7.49 95.29 102.78 OK
r-release-macos-arm64 1.0.0 3.00 48.00 51.00 OK
r-release-macos-x86_64 1.0.0 7.00 87.00 94.00 OK
r-release-windows-x86_64 1.0.0 11.00 117.00 128.00 OK
r-oldrel-macos-arm64 1.0.0 3.00 56.00 59.00 OK
r-oldrel-macos-x86_64 1.0.0 9.00 95.00 104.00 OK
r-oldrel-windows-x86_64 1.0.0 12.00 137.00 149.00 OK

Check Details

Version: 1.0.0
Check: CRAN incoming feasibility
Result: NOTE Maintainer: ‘Timothée Giraud <timothee.giraud@cnrs.fr>’ The BugReports field in DESCRIPTION has https://github.com/riatelab/mapsf/issues/ which should likely be https://github.com/riatelab/mapsf/issues/issues instead. Flavor: r-devel-linux-x86_64-debian-gcc