CRAN Package Check Results for Package maptiles

Last updated on 2025-11-16 04:48:41 CET.

Flavor Version Tinstall Tcheck Ttotal Status Flags
r-devel-linux-x86_64-debian-clang 0.10.0 20.98 193.75 214.73 OK
r-devel-linux-x86_64-debian-gcc 0.10.0 13.42 118.98 132.40 NOTE
r-devel-linux-x86_64-fedora-clang 0.10.0 52.00 298.67 350.67 OK
r-devel-linux-x86_64-fedora-gcc 0.10.0 48.00 286.36 334.36 OK
r-devel-windows-x86_64 0.10.0 22.00 158.00 180.00 OK
r-patched-linux-x86_64 0.10.0 19.96 184.76 204.72 OK
r-release-linux-x86_64 0.10.0 20.84 186.69 207.53 OK
r-release-macos-arm64 0.10.0 8.00 73.00 81.00 OK
r-release-macos-x86_64 0.10.0 21.00 169.00 190.00 OK
r-release-windows-x86_64 0.10.0 20.00 158.00 178.00 OK
r-oldrel-macos-arm64 0.10.0 8.00 67.00 75.00 OK
r-oldrel-macos-x86_64 0.10.0 25.00 164.00 189.00 OK
r-oldrel-windows-x86_64 0.10.0 29.00 208.00 237.00 OK

Check Details

Version: 0.10.0
Check: CRAN incoming feasibility
Result: NOTE Maintainer: ‘Timothée Giraud <timothee.giraud@cnrs.fr>’ The BugReports field in DESCRIPTION has https://github.com/riatelab/maptiles/issues/ which should likely be https://github.com/riatelab/maptiles/issues/issues instead. Flavor: r-devel-linux-x86_64-debian-gcc