Last updated on 2025-02-20 04:51:17 CET.
Flavor | Version | Tinstall | Tcheck | Ttotal | Status | Flags |
---|---|---|---|---|---|---|
r-devel-linux-x86_64-debian-clang | 2.11.2 | 37.90 | 325.56 | 363.46 | NOTE | |
r-devel-linux-x86_64-debian-gcc | 2.11.2 | 21.96 | 212.34 | 234.30 | NOTE | |
r-devel-linux-x86_64-fedora-clang | 2.11.2 | 571.30 | OK | |||
r-devel-linux-x86_64-fedora-gcc | 2.11.2 | 599.31 | OK | |||
r-devel-macos-arm64 | 2.11.2 | 142.00 | OK | |||
r-devel-macos-x86_64 | 2.11.2 | 270.00 | OK | |||
r-devel-windows-x86_64 | 2.11.2 | 33.00 | 253.00 | 286.00 | NOTE | |
r-patched-linux-x86_64 | 2.11.2 | 40.53 | 302.63 | 343.16 | OK | |
r-release-linux-x86_64 | 2.11.2 | 34.67 | 300.70 | 335.37 | OK | |
r-release-macos-arm64 | 2.11.2 | 132.00 | OK | |||
r-release-macos-x86_64 | 2.11.2 | 251.00 | OK | |||
r-release-windows-x86_64 | 2.11.2 | 34.00 | 251.00 | 285.00 | OK | |
r-oldrel-macos-arm64 | 2.11.2 | 136.00 | OK | |||
r-oldrel-macos-x86_64 | 2.11.2 | 316.00 | OK | |||
r-oldrel-windows-x86_64 | 2.11.2 | 47.00 | 324.00 | 371.00 | OK |
Version: 2.11.2
Check: Rd cross-references
Result: NOTE
Found the following Rd file(s) with Rd \link{} targets missing package
anchors:
mapView.Rd: levelplot, addControl, addLegend, addRasterImage,
addCircles, addPolygons, addPolylines, addMapPane,
highlightOptions, st_sf, brick, satellite, st_sfc, st_bbox,
SpatialPixelsDataFrame, SpatialGridDataFrame,
SpatialPointsDataFrame, SpatialPoints, SpatialPolygonsDataFrame,
SpatialPolygons, SpatialLinesDataFrame, SpatialLines
mapviewColors.Rd: level.colors
mapviewOptions.Rd: addRasterImage, addLegend, addMapPane,
rasterOptions
mapviewOutput.Rd: shinyWidgetOutput
viewExtent.Rd: popupTable, addControl, addRectangles
viewRGB.Rd: plotRGB
Please provide package anchors for all Rd \link{} targets not in the
package itself and the base packages.
Flavors: r-devel-linux-x86_64-debian-clang, r-devel-linux-x86_64-debian-gcc, r-devel-windows-x86_64