Last updated on 2025-02-22 04:51:16 CET.
Flavor | Version | Tinstall | Tcheck | Ttotal | Status | Flags |
---|---|---|---|---|---|---|
r-devel-linux-x86_64-debian-clang | 2.2 | 3.50 | 41.10 | 44.60 | NOTE | |
r-devel-linux-x86_64-debian-gcc | 2.2 | 2.54 | 29.16 | 31.70 | NOTE | |
r-devel-linux-x86_64-fedora-clang | 2.2 | 70.78 | NOTE | |||
r-devel-linux-x86_64-fedora-gcc | 2.2 | 74.99 | NOTE | |||
r-devel-macos-arm64 | 2.2 | 24.00 | NOTE | |||
r-devel-macos-x86_64 | 2.2 | 46.00 | NOTE | |||
r-devel-windows-x86_64 | 2.2 | 4.00 | 58.00 | 62.00 | NOTE | |
r-patched-linux-x86_64 | 2.2 | 3.83 | 39.70 | 43.53 | NOTE | |
r-release-linux-x86_64 | 2.2 | 3.08 | 38.62 | 41.70 | NOTE | |
r-release-macos-arm64 | 2.2 | 30.00 | NOTE | |||
r-release-macos-x86_64 | 2.2 | 33.00 | NOTE | |||
r-release-windows-x86_64 | 2.2 | 5.00 | 57.00 | 62.00 | NOTE | |
r-oldrel-macos-arm64 | 2.2 | 23.00 | NOTE | |||
r-oldrel-macos-x86_64 | 2.2 | 39.00 | NOTE | |||
r-oldrel-windows-x86_64 | 2.2 | 5.00 | 66.00 | 71.00 | NOTE |
Version: 2.2
Check: Rd files
Result: NOTE
checkRd: (-1) marima.Rd:28: Lost braces; missing escapes or markup?
28 | ( if(is.ts(DATA)) { DATA <- as.matrix(data.frame(DATA)) } and a message
| ^
checkRd: (-1) marima.Rd:223: Escaped LaTeX specials: \&
Flavors: r-devel-linux-x86_64-debian-clang, r-devel-linux-x86_64-debian-gcc, r-devel-linux-x86_64-fedora-clang, r-devel-linux-x86_64-fedora-gcc, r-devel-macos-arm64, r-devel-macos-x86_64, r-devel-windows-x86_64, r-patched-linux-x86_64, r-release-linux-x86_64, r-release-macos-arm64, r-release-macos-x86_64, r-release-windows-x86_64
Version: 2.2
Check: Rd files
Result: NOTE
checkRd: (-1) marima.Rd:223: Escaped LaTeX specials: \&
Flavors: r-oldrel-macos-arm64, r-oldrel-macos-x86_64, r-oldrel-windows-x86_64