Last updated on 2025-07-08 05:49:38 CEST.
Flavor | Version | Tinstall | Tcheck | Ttotal | Status | Flags |
---|---|---|---|---|---|---|
r-devel-linux-x86_64-debian-clang | 1.0.10 | 40.36 | 363.52 | 403.88 | NOTE | |
r-devel-linux-x86_64-debian-gcc | 1.0.10 | 24.05 | 233.86 | 257.91 | NOTE | |
r-devel-linux-x86_64-fedora-clang | 1.0.10 | 643.85 | OK | |||
r-devel-linux-x86_64-fedora-gcc | 1.0.10 | 619.74 | OK | |||
r-devel-windows-x86_64 | 1.0.10 | 35.00 | 311.00 | 346.00 | NOTE | |
r-patched-linux-x86_64 | 1.0.10 | 35.20 | 352.75 | 387.95 | NOTE | |
r-release-linux-x86_64 | 1.0.10 | 36.50 | 344.94 | 381.44 | NOTE | |
r-release-macos-arm64 | 1.0.10 | 169.00 | OK | |||
r-release-macos-x86_64 | 1.0.10 | 297.00 | OK | |||
r-release-windows-x86_64 | 1.0.10 | 35.00 | 319.00 | 354.00 | NOTE | |
r-oldrel-macos-arm64 | 1.0.10 | 139.00 | OK | |||
r-oldrel-macos-x86_64 | 1.0.10 | 231.00 | OK | |||
r-oldrel-windows-x86_64 | 1.0.10 | 51.00 | 419.00 | 470.00 | OK |
Version: 1.0.10
Check: CRAN incoming feasibility
Result: NOTE
Maintainer: ‘Benoit Simon-Bouhet <besibo@gmail.com>’
No Authors@R field in DESCRIPTION.
Please add one, modifying
Authors@R: c(person(given = "Eric",
family = "Pante",
role = "aut"),
person(given = "Benoit",
family = "Simon-Bouhet",
role = c("aut", "cre"),
email = "besibo@gmail.com"),
person(given = "Jean-Olivier",
family = "Irisson",
role = "aut"))
as necessary.
Flavors: r-devel-linux-x86_64-debian-clang, r-devel-linux-x86_64-debian-gcc
Version: 1.0.10
Check: Rd cross-references
Result: NOTE
Found the following Rd file(s) with Rd \link{} targets missing package
anchors:
autoplot.bathy.Rd: coord_map
get.area.Rd: areaPolygon
plotArea.Rd: areaPolygon
Please provide package anchors for all Rd \link{} targets not in the
package itself and the base packages.
Flavors: r-devel-linux-x86_64-debian-clang, r-devel-linux-x86_64-debian-gcc, r-devel-windows-x86_64, r-patched-linux-x86_64, r-release-linux-x86_64, r-release-windows-x86_64