CRAN Package Check Results for Package matchingR

Last updated on 2025-11-16 04:48:42 CET.

Flavor Version Tinstall Tcheck Ttotal Status Flags
r-devel-linux-x86_64-debian-clang 2.0.0 43.47 38.50 81.97 OK
r-devel-linux-x86_64-debian-gcc 2.0.0 26.50 31.84 58.34 NOTE
r-devel-linux-x86_64-fedora-clang 2.0.0 83.00 76.73 159.73 OK
r-devel-linux-x86_64-fedora-gcc 2.0.0 62.00 81.32 143.32 OK
r-devel-windows-x86_64 2.0.0 57.00 79.00 136.00 OK
r-patched-linux-x86_64 2.0.0 42.22 35.96 78.18 OK
r-release-linux-x86_64 2.0.0 40.92 35.96 76.88 OK
r-release-macos-arm64 2.0.0 16.00 30.00 46.00 OK
r-release-macos-x86_64 2.0.0 19.00 67.00 86.00 OK
r-release-windows-x86_64 2.0.0 52.00 79.00 131.00 OK
r-oldrel-macos-arm64 2.0.0 16.00 35.00 51.00 OK
r-oldrel-macos-x86_64 2.0.0 17.00 89.00 106.00 OK
r-oldrel-windows-x86_64 2.0.0 63.00 92.00 155.00 OK

Check Details

Version: 2.0.0
Check: CRAN incoming feasibility
Result: NOTE Maintainer: ‘Jan Tilly <jantilly@gmail.com>’ The BugReports field in DESCRIPTION has https://github.com/jtilly/matchingR/issues/ which should likely be https://github.com/jtilly/matchingR/issues/issues instead. Flavor: r-devel-linux-x86_64-debian-gcc