Last updated on 2025-02-20 04:51:17 CET.
Flavor | Version | Tinstall | Tcheck | Ttotal | Status | Flags |
---|---|---|---|---|---|---|
r-devel-linux-x86_64-debian-clang | 0.6.11 | 7.81 | 150.61 | 158.42 | NOTE | |
r-devel-linux-x86_64-debian-gcc | 0.6.11 | 4.82 | 103.09 | 107.91 | NOTE | |
r-devel-linux-x86_64-fedora-clang | 0.6.11 | 250.10 | NOTE | |||
r-devel-linux-x86_64-fedora-gcc | 0.6.11 | 273.98 | NOTE | |||
r-devel-macos-arm64 | 0.6.11 | 71.00 | OK | |||
r-devel-macos-x86_64 | 0.6.11 | 117.00 | NOTE | |||
r-devel-windows-x86_64 | 0.6.11 | 10.00 | 156.00 | 166.00 | NOTE | |
r-patched-linux-x86_64 | 0.6.11 | 8.63 | 142.28 | 150.91 | OK | |
r-release-linux-x86_64 | 0.6.11 | 5.18 | 141.80 | 146.98 | OK | |
r-release-macos-arm64 | 0.6.11 | 75.00 | OK | |||
r-release-macos-x86_64 | 0.6.11 | 127.00 | OK | |||
r-release-windows-x86_64 | 0.6.11 | 10.00 | 151.00 | 161.00 | OK | |
r-oldrel-macos-arm64 | 0.6.10 | 69.00 | OK | |||
r-oldrel-macos-x86_64 | 0.6.11 | 151.00 | OK | |||
r-oldrel-windows-x86_64 | 0.6.11 | 12.00 | 183.00 | 195.00 | OK |
Version: 0.6.11
Check: DESCRIPTION meta-information
Result: NOTE
Missing dependency on R >= 4.1.0 because package code uses the pipe
|> or function shorthand \(...) syntax added in R 4.1.0.
File(s) using such syntax:
‘Unary.R’ ‘Utilities.R’ ‘named_triplet.R’ ‘reallocate.R’
Flavors: r-devel-linux-x86_64-debian-clang, r-devel-linux-x86_64-debian-gcc, r-devel-linux-x86_64-fedora-clang, r-devel-linux-x86_64-fedora-gcc, r-devel-macos-x86_64, r-devel-windows-x86_64