Last updated on 2024-08-25 05:49:26 CEST.
Flavor | Version | Tinstall | Tcheck | Ttotal | Status | Flags |
---|---|---|---|---|---|---|
r-devel-linux-x86_64-debian-clang | 0.8.11 | 16.65 | 158.83 | 175.48 | NOTE | |
r-devel-linux-x86_64-debian-gcc | 0.8.11 | 12.39 | 119.85 | 132.24 | NOTE | |
r-devel-linux-x86_64-fedora-clang | 0.8.11 | 292.13 | OK | |||
r-devel-linux-x86_64-fedora-gcc | 0.8.11 | 290.80 | OK | |||
r-devel-windows-x86_64 | 0.8.11 | 20.00 | 232.00 | 252.00 | NOTE | |
r-patched-linux-x86_64 | 0.8.11 | 19.87 | 154.80 | 174.67 | OK | |
r-release-linux-x86_64 | 0.8.11 | 13.89 | 155.14 | 169.03 | OK | |
r-release-macos-arm64 | 0.8.11 | 86.00 | OK | |||
r-release-macos-x86_64 | 0.8.11 | 135.00 | OK | |||
r-release-windows-x86_64 | 0.8.11 | 23.00 | 224.00 | 247.00 | OK | |
r-oldrel-macos-arm64 | 0.8.11 | 96.00 | OK | |||
r-oldrel-macos-x86_64 | 0.8.11 | 187.00 | OK | |||
r-oldrel-windows-x86_64 | 0.8.11 | 26.00 | 266.00 | 292.00 | OK |
Version: 0.8.11
Check: Rd cross-references
Result: NOTE
Found the following Rd file(s) with Rd \link{} targets missing package
anchors:
fitDR.Rd: mledist, mmedist, constrOptim.nl, gofstat, plotdist,
cdfcomp, bootdist, qmedist, mgedist, denscomp, qqcomp, ppcomp
Please provide package anchors for all Rd \link{} targets not in the
package itself and the base packages.
Flavors: r-devel-linux-x86_64-debian-clang, r-devel-linux-x86_64-debian-gcc, r-devel-windows-x86_64