Last updated on 2025-02-22 04:51:19 CET.
Flavor | Version | Tinstall | Tcheck | Ttotal | Status | Flags |
---|---|---|---|---|---|---|
r-devel-linux-x86_64-debian-clang | 0.0.1 | 9.99 | 92.47 | 102.46 | OK | |
r-devel-linux-x86_64-debian-gcc | 0.0.1 | 7.31 | 64.60 | 71.91 | OK | |
r-devel-linux-x86_64-fedora-clang | 0.0.1 | 162.62 | NOTE | |||
r-devel-linux-x86_64-fedora-gcc | 0.0.1 | 182.87 | NOTE | |||
r-devel-macos-arm64 | 0.0.1 | 53.00 | OK | |||
r-devel-macos-x86_64 | 0.0.1 | 98.00 | OK | |||
r-devel-windows-x86_64 | 0.0.1 | 11.00 | 100.00 | 111.00 | OK | |
r-patched-linux-x86_64 | 0.0.1 | 8.60 | 85.45 | 94.05 | OK | |
r-release-linux-x86_64 | 0.0.1 | 8.85 | 84.79 | 93.64 | OK | |
r-release-macos-arm64 | 0.0.1 | 49.00 | OK | |||
r-release-macos-x86_64 | 0.0.1 | 77.00 | OK | |||
r-release-windows-x86_64 | 0.0.1 | 12.00 | 100.00 | 112.00 | OK | |
r-oldrel-macos-arm64 | 0.0.1 | 55.00 | OK | |||
r-oldrel-macos-x86_64 | 0.0.1 | 90.00 | OK | |||
r-oldrel-windows-x86_64 | 0.0.1 | 15.00 | 125.00 | 140.00 | OK |
Version: 0.0.1
Check: dependencies in R code
Result: NOTE
Namespace in Imports field not imported from: ‘MASS’
All declared Imports should be used.
Flavors: r-devel-linux-x86_64-fedora-clang, r-devel-linux-x86_64-fedora-gcc