CRAN Package Check Results for Package mcmcOutput

Last updated on 2025-11-16 04:48:42 CET.

Flavor Version Tinstall Tcheck Ttotal Status Flags
r-devel-linux-x86_64-debian-clang 0.1.3 3.56 37.65 41.21 NOTE
r-devel-linux-x86_64-debian-gcc 0.1.3 2.52 29.33 31.85 NOTE
r-devel-linux-x86_64-fedora-clang 0.1.3 63.09 OK
r-devel-linux-x86_64-fedora-gcc 0.1.3 62.31 OK
r-devel-windows-x86_64 0.1.3 9.00 66.00 75.00 NOTE
r-patched-linux-x86_64 0.1.3 3.49 36.50 39.99 NOTE
r-release-linux-x86_64 0.1.3 3.40 36.76 40.16 NOTE
r-release-macos-arm64 0.1.3 2.00 23.00 25.00 OK
r-release-macos-x86_64 0.1.3 3.00 39.00 42.00 OK
r-release-windows-x86_64 0.1.3 4.00 69.00 73.00 NOTE
r-oldrel-macos-arm64 0.1.3 2.00 20.00 22.00 OK
r-oldrel-macos-x86_64 0.1.3 3.00 37.00 40.00 OK
r-oldrel-windows-x86_64 0.1.3 6.00 71.00 77.00 OK

Check Details

Version: 0.1.3
Check: Rd cross-references
Result: NOTE Found the following Rd file(s) with Rd \link{} targets missing package anchors: method_plot.Rd: hdi Please provide package anchors for all Rd \link{} targets not in the package itself and the base packages. Flavors: r-devel-linux-x86_64-debian-clang, r-devel-linux-x86_64-debian-gcc, r-devel-windows-x86_64, r-patched-linux-x86_64, r-release-linux-x86_64, r-release-windows-x86_64