CRAN Package Check Results for Package mdpeer

Last updated on 2025-02-22 04:51:19 CET.

Flavor Version Tinstall Tcheck Ttotal Status Flags
r-devel-linux-x86_64-debian-clang 1.0.1 5.57 61.13 66.70 OK
r-devel-linux-x86_64-debian-gcc 1.0.1 3.52 44.80 48.32 OK
r-devel-linux-x86_64-fedora-clang 1.0.1 104.81 NOTE
r-devel-linux-x86_64-fedora-gcc 1.0.1 126.32 NOTE
r-devel-macos-arm64 1.0.1 42.00 OK
r-devel-macos-x86_64 1.0.1 77.00 OK
r-devel-windows-x86_64 1.0.1 8.00 87.00 95.00 OK
r-patched-linux-x86_64 1.0.1 5.48 58.19 63.67 NOTE
r-release-linux-x86_64 1.0.1 5.21 57.46 62.67 NOTE
r-release-macos-arm64 1.0.1 43.00 NOTE
r-release-macos-x86_64 1.0.1 77.00 NOTE
r-release-windows-x86_64 1.0.1 8.00 79.00 87.00 NOTE
r-oldrel-macos-arm64 1.0.1 39.00 NOTE
r-oldrel-macos-x86_64 1.0.1 60.00 NOTE
r-oldrel-windows-x86_64 1.0.1 9.00 94.00 103.00 NOTE

Check Details

Version: 1.0.1
Check: dependencies in R code
Result: NOTE Namespace in Imports field not imported from: ‘glmnet’ All declared Imports should be used. Flavors: r-devel-linux-x86_64-fedora-clang, r-devel-linux-x86_64-fedora-gcc

Version: 1.0.1
Check: LazyData
Result: NOTE 'LazyData' is specified without a 'data' directory Flavors: r-patched-linux-x86_64, r-release-linux-x86_64, r-release-macos-arm64, r-release-macos-x86_64, r-release-windows-x86_64, r-oldrel-macos-arm64, r-oldrel-macos-x86_64, r-oldrel-windows-x86_64