Last updated on 2024-08-25 05:49:26 CEST.
Flavor | Version | Tinstall | Tcheck | Ttotal | Status | Flags |
---|---|---|---|---|---|---|
r-devel-linux-x86_64-debian-clang | 0.7-6 | 23.68 | 179.56 | 203.24 | NOTE | |
r-devel-linux-x86_64-debian-gcc | 0.7-6 | 17.43 | 145.98 | 163.41 | NOTE | |
r-devel-linux-x86_64-fedora-clang | 0.7-6 | 350.88 | OK | |||
r-devel-linux-x86_64-fedora-gcc | 0.7-6 | 326.17 | OK | |||
r-devel-windows-x86_64 | 0.7-6 | 26.00 | 198.00 | 224.00 | NOTE | |
r-patched-linux-x86_64 | 0.7-6 | 29.24 | 172.84 | 202.08 | OK | |
r-release-linux-x86_64 | 0.7-6 | 19.19 | 174.97 | 194.16 | OK | |
r-release-macos-arm64 | 0.7-6 | 92.00 | OK | |||
r-release-macos-x86_64 | 0.7-6 | 138.00 | OK | |||
r-release-windows-x86_64 | 0.7-6 | 25.00 | 199.00 | 224.00 | OK | |
r-oldrel-macos-arm64 | 0.7-6 | 64.00 | OK | |||
r-oldrel-macos-x86_64 | 0.7-6 | 116.00 | OK | |||
r-oldrel-windows-x86_64 | 0.7-6 | 32.00 | 238.00 | 270.00 | OK |
Version: 0.7-6
Check: Rd cross-references
Result: NOTE
Found the following Rd file(s) with Rd \link{} targets missing package
anchors:
findOptimalSmacofSym.rd: data.Normalization, dist.GDM, smacofSym
optSmacofSymInterval.rd: data.Normalization, interval_normalization,
dist.Symbolic, smacofSym
optSmacofSym_mMDS.rd: data.Normalization, dist.GDM, smacofSym
optSmacofSym_nMDS.rd: data.Normalization, dist.GDM, smacofSym
rotation2dAnimation.rd: ani.options, im.convert, saveGIF, saveHTML,
saveLatex, saveSWF
Please provide package anchors for all Rd \link{} targets not in the
package itself and the base packages.
Flavors: r-devel-linux-x86_64-debian-clang, r-devel-linux-x86_64-debian-gcc, r-devel-windows-x86_64