Last updated on 2025-11-16 04:48:42 CET.
| Flavor | Version | Tinstall | Tcheck | Ttotal | Status | Flags |
|---|---|---|---|---|---|---|
| r-devel-linux-x86_64-debian-clang | 1.0.0 | 425.67 | 588.11 | 1013.78 | OK | |
| r-devel-linux-x86_64-debian-gcc | 1.0.0 | 361.83 | 380.37 | 742.20 | OK | |
| r-devel-linux-x86_64-fedora-clang | 1.0.0 | 840.00 | 667.68 | 1507.68 | NOTE | |
| r-devel-linux-x86_64-fedora-gcc | 1.0.0 | 1140.00 | 695.40 | 1835.40 | NOTE | |
| r-devel-windows-x86_64 | 1.0.0 | 477.00 | 529.00 | 1006.00 | OK | |
| r-patched-linux-x86_64 | 1.0.0 | 479.50 | 595.53 | 1075.03 | OK | |
| r-release-linux-x86_64 | 1.0.0 | 473.05 | 602.64 | 1075.69 | OK | |
| r-release-macos-arm64 | 1.0.0 | 158.00 | 199.00 | 357.00 | OK | |
| r-release-macos-x86_64 | 1.0.0 | 157.00 | 455.00 | 612.00 | OK | |
| r-release-windows-x86_64 | 1.0.0 | 470.00 | 533.00 | 1003.00 | OK | |
| r-oldrel-macos-arm64 | 1.0.0 | 85.00 | 125.00 | 210.00 | NOTE | |
| r-oldrel-macos-x86_64 | 1.0.0 | 74.00 | 242.00 | 316.00 | NOTE | |
| r-oldrel-windows-x86_64 | 1.0.0 | 541.00 | 744.00 | 1285.00 | NOTE |
Version: 1.0.0
Check: dependencies in R code
Result: NOTE
Namespaces in Imports field not imported from:
‘RcppParallel’ ‘rstantools’
All declared Imports should be used.
Flavors: r-devel-linux-x86_64-fedora-clang, r-devel-linux-x86_64-fedora-gcc
Version: 1.0.0
Check: package dependencies
Result: NOTE
Package suggested but not available for checking: ‘cmdstanr’
Flavors: r-oldrel-macos-arm64, r-oldrel-macos-x86_64, r-oldrel-windows-x86_64
Version: 1.0.0
Check: installed package size
Result: NOTE
installed size is 85.7Mb
sub-directories of 1Mb or more:
libs 84.2Mb
Flavors: r-oldrel-macos-arm64, r-oldrel-macos-x86_64, r-oldrel-windows-x86_64
Version: 1.0.0
Check: for GNU extensions in Makefiles
Result: NOTE
GNU make is a SystemRequirements.
Flavors: r-oldrel-macos-arm64, r-oldrel-macos-x86_64, r-oldrel-windows-x86_64