Last updated on 2025-02-21 04:51:55 CET.
Flavor | Version | Tinstall | Tcheck | Ttotal | Status | Flags |
---|---|---|---|---|---|---|
r-devel-linux-x86_64-debian-clang | 0.2.1 | 5.04 | 34.32 | 39.36 | NOTE | |
r-devel-linux-x86_64-debian-gcc | 0.2.1 | 4.28 | 26.67 | 30.95 | NOTE | |
r-devel-linux-x86_64-fedora-clang | 0.2.1 | 63.46 | NOTE | |||
r-devel-linux-x86_64-fedora-gcc | 0.2.1 | 78.04 | NOTE | |||
r-devel-macos-arm64 | 0.2.1 | 30.00 | NOTE | |||
r-devel-macos-x86_64 | 0.2.1 | 73.00 | NOTE | |||
r-devel-windows-x86_64 | 0.2.1 | 7.00 | 56.00 | 63.00 | NOTE | |
r-patched-linux-x86_64 | 0.2.1 | 4.65 | 33.16 | 37.81 | NOTE | |
r-release-linux-x86_64 | 0.2.1 | 4.59 | 33.16 | 37.75 | NOTE | |
r-release-macos-arm64 | 0.2.1 | 29.00 | NOTE | |||
r-release-macos-x86_64 | 0.2.1 | 45.00 | NOTE | |||
r-release-windows-x86_64 | 0.2.1 | 7.00 | 56.00 | 63.00 | NOTE | |
r-oldrel-macos-arm64 | 0.2.1 | 31.00 | OK | |||
r-oldrel-macos-x86_64 | 0.2.1 | 49.00 | OK | |||
r-oldrel-windows-x86_64 | 0.2.1 | 8.00 | 76.00 | 84.00 | OK |
Version: 0.2.1
Check: Rd files
Result: NOTE
checkRd: (-1) hospiceALPHA.Rd:9: Lost braces in \itemize; meant \describe ?
checkRd: (-1) hospiceALPHA.Rd:10: Lost braces in \itemize; meant \describe ?
checkRd: (-1) hospiceALPHA.Rd:11: Lost braces in \itemize; meant \describe ?
checkRd: (-1) hospiceALPHA.Rd:12: Lost braces in \itemize; meant \describe ?
checkRd: (-1) hospiceALPHA.Rd:13: Lost braces in \itemize; meant \describe ?
checkRd: (-1) hospiceNMRC.Rd:9: Lost braces in \itemize; meant \describe ?
checkRd: (-1) hospiceNMRC.Rd:10: Lost braces in \itemize; meant \describe ?
checkRd: (-1) hospiceNMRC.Rd:11: Lost braces in \itemize; meant \describe ?
checkRd: (-1) hospiceNMRC.Rd:12: Lost braces in \itemize; meant \describe ?
checkRd: (-1) hospiceNMRC.Rd:13: Lost braces in \itemize; meant \describe ?
checkRd: (-1) hospiceRPT.Rd:9: Lost braces in \itemize; meant \describe ?
checkRd: (-1) hospiceRPT.Rd:10: Lost braces in \itemize; meant \describe ?
checkRd: (-1) hospiceRPT.Rd:11: Lost braces in \itemize; meant \describe ?
checkRd: (-1) hospiceRPT.Rd:12: Lost braces in \itemize; meant \describe ?
checkRd: (-1) hospiceRPT.Rd:13: Lost braces in \itemize; meant \describe ?
checkRd: (-1) hospiceRPT.Rd:14: Lost braces in \itemize; meant \describe ?
checkRd: (-1) hospiceRPT.Rd:15: Lost braces in \itemize; meant \describe ?
checkRd: (-1) hospiceRPT.Rd:16: Lost braces in \itemize; meant \describe ?
checkRd: (-1) hospiceRPT.Rd:17: Lost braces in \itemize; meant \describe ?
checkRd: (-1) hospiceRPT.Rd:18: Lost braces in \itemize; meant \describe ?
checkRd: (-1) hospiceRPT.Rd:19: Lost braces in \itemize; meant \describe ?
checkRd: (-1) hospiceRPT.Rd:20: Lost braces in \itemize; meant \describe ?
checkRd: (-1) hospiceRPT.Rd:21: Lost braces in \itemize; meant \describe ?
checkRd: (-1) hospiceRPT.Rd:22: Lost braces in \itemize; meant \describe ?
checkRd: (-1) hospiceRPT.Rd:23: Lost braces in \itemize; meant \describe ?
checkRd: (-1) hospiceRPT.Rd:24: Lost braces in \itemize; meant \describe ?
checkRd: (-1) hospiceRPT.Rd:25: Lost braces in \itemize; meant \describe ?
checkRd: (-1) hospiceRPT.Rd:26: Lost braces in \itemize; meant \describe ?
Flavors: r-devel-linux-x86_64-debian-clang, r-devel-linux-x86_64-debian-gcc, r-devel-linux-x86_64-fedora-clang, r-devel-linux-x86_64-fedora-gcc, r-devel-macos-arm64, r-devel-macos-x86_64, r-devel-windows-x86_64, r-patched-linux-x86_64, r-release-linux-x86_64, r-release-macos-arm64, r-release-macos-x86_64, r-release-windows-x86_64