Last updated on 2025-10-25 05:50:08 CEST.
| Flavor | Version | Tinstall | Tcheck | Ttotal | Status | Flags |
|---|---|---|---|---|---|---|
| r-devel-linux-x86_64-debian-clang | 0.2-2 | 4.11 | 44.58 | 48.69 | NOTE | |
| r-devel-linux-x86_64-debian-gcc | 0.2-2 | 3.11 | 33.16 | 36.27 | NOTE | |
| r-devel-linux-x86_64-fedora-clang | 0.2-2 | 14.00 | 65.79 | 79.79 | NOTE | |
| r-devel-linux-x86_64-fedora-gcc | 0.2-2 | 88.24 | NOTE | |||
| r-devel-windows-x86_64 | 0.2-2 | 5.00 | 62.00 | 67.00 | OK | |
| r-patched-linux-x86_64 | 0.2-2 | 3.73 | 42.08 | 45.81 | OK | |
| r-release-linux-x86_64 | 0.2-2 | 3.71 | 42.08 | 45.79 | OK | |
| r-release-macos-arm64 | 0.2-2 | 2.00 | 26.00 | 28.00 | OK | |
| r-release-macos-x86_64 | 0.2-2 | 4.00 | 52.00 | 56.00 | OK | |
| r-release-windows-x86_64 | 0.2-2 | 7.00 | 63.00 | 70.00 | OK | |
| r-oldrel-macos-arm64 | 0.2-2 | 2.00 | 26.00 | 28.00 | OK | |
| r-oldrel-macos-x86_64 | 0.2-2 | 3.00 | 42.00 | 45.00 | OK | |
| r-oldrel-windows-x86_64 | 0.2-2 | 7.00 | 74.00 | 81.00 | OK |
Version: 0.2-2
Check: CRAN incoming feasibility
Result: NOTE
Maintainer: ‘Walter K Kremers <kremers.walter@mayo.edu>’
The Description field contains
<arXiv:2106.14063> and is an extension of the works by Chen Y-H, Chen
Please refer to arXiv e-prints via their arXiv DOI <doi:10.48550/arXiv.YYMM.NNNNN>.
Flavors: r-devel-linux-x86_64-debian-clang, r-devel-linux-x86_64-debian-gcc
Version: 0.2-2
Check: dependencies in R code
Result: NOTE
Namespace in Imports field not imported from: ‘dplyr’
All declared Imports should be used.
Flavors: r-devel-linux-x86_64-fedora-clang, r-devel-linux-x86_64-fedora-gcc