Last updated on 2025-11-16 04:48:42 CET.
| Flavor | Version | Tinstall | Tcheck | Ttotal | Status | Flags |
|---|---|---|---|---|---|---|
| r-devel-linux-x86_64-debian-clang | 0.1.0 | 4.00 | 37.99 | 41.99 | OK | |
| r-devel-linux-x86_64-debian-gcc | 0.1.0 | 2.41 | 28.03 | 30.44 | OK | |
| r-devel-linux-x86_64-fedora-clang | 0.1.0 | 11.00 | 50.50 | 61.50 | OK | |
| r-devel-linux-x86_64-fedora-gcc | 0.1.0 | 56.33 | OK | |||
| r-devel-windows-x86_64 | 0.1.0 | 7.00 | 53.00 | 60.00 | OK | |
| r-patched-linux-x86_64 | 0.1.0 | 3.74 | 34.45 | 38.19 | OK | |
| r-release-linux-x86_64 | 0.1.0 | 4.02 | 33.57 | 37.59 | OK | |
| r-release-macos-arm64 | 0.1.0 | 3.00 | 30.00 | 33.00 | OK | |
| r-release-macos-x86_64 | 0.1.0 | 5.00 | 34.00 | 39.00 | OK | |
| r-release-windows-x86_64 | 0.1.0 | 6.00 | 50.00 | 56.00 | OK | |
| r-oldrel-macos-arm64 | 0.1.0 | 2.00 | 19.00 | 21.00 | NOTE | |
| r-oldrel-macos-x86_64 | 0.1.0 | 5.00 | 43.00 | 48.00 | NOTE | |
| r-oldrel-windows-x86_64 | 0.1.0 | 8.00 | 59.00 | 67.00 | NOTE |
Version: 0.1.0
Check: LazyData
Result: NOTE
'LazyData' is specified without a 'data' directory
Flavors: r-oldrel-macos-arm64, r-oldrel-macos-x86_64, r-oldrel-windows-x86_64