Last updated on 2025-10-25 05:50:08 CEST.
| Flavor | Version | Tinstall | Tcheck | Ttotal | Status | Flags |
|---|---|---|---|---|---|---|
| r-devel-linux-x86_64-debian-clang | 8.2-1 | 70.92 | 440.06 | 510.98 | NOTE | |
| r-devel-linux-x86_64-debian-gcc | 8.2-1 | 49.14 | 279.85 | 328.99 | NOTE | |
| r-devel-linux-x86_64-fedora-clang | 8.2-1 | 249.00 | 605.01 | 854.01 | OK | |
| r-devel-linux-x86_64-fedora-gcc | 8.2-1 | 307.00 | 529.99 | 836.99 | NOTE | |
| r-devel-windows-x86_64 | 8.2-1 | 70.00 | 401.00 | 471.00 | OK | |
| r-patched-linux-x86_64 | 8.2-1 | 78.05 | 410.56 | 488.61 | OK | |
| r-release-linux-x86_64 | 8.2-1 | 76.01 | 412.16 | 488.17 | OK | |
| r-release-macos-arm64 | 8.2-1 | 40.00 | 156.00 | 196.00 | OK | |
| r-release-macos-x86_64 | 8.2-1 | 81.00 | 377.00 | 458.00 | OK | |
| r-release-windows-x86_64 | 8.2-1 | 72.00 | 407.00 | 479.00 | OK | |
| r-oldrel-macos-arm64 | 8.2-1 | 33.00 | 152.00 | 185.00 | OK | |
| r-oldrel-macos-x86_64 | 8.2-1 | 82.00 | 361.00 | 443.00 | OK | |
| r-oldrel-windows-x86_64 | 8.2-1 | 103.00 | 542.00 | 645.00 | OK |
Version: 8.2-1
Check: Rd files
Result: NOTE
checkRd: (-1) forest.meta.Rd:1322-1346: Only 7 columns allowed in this table (row 3 has 1)
checkRd: (-1) forest.meta.Rd:1322-1346: Only 7 columns allowed in this table (row 6 has 1)
checkRd: (-1) forest.meta.Rd:1322-1346: Only 7 columns allowed in this table (row 9 has 1)
checkRd: (-1) forest.meta.Rd:1322-1346: Only 7 columns allowed in this table (row 12 has 1)
Flavors: r-devel-linux-x86_64-debian-clang, r-devel-linux-x86_64-debian-gcc, r-devel-linux-x86_64-fedora-gcc