Last updated on 2024-05-13 05:52:36 CEST.
Flavor | Version | Tinstall | Tcheck | Ttotal | Status | Flags |
---|---|---|---|---|---|---|
r-devel-linux-x86_64-debian-clang | 1.0.1 | 4.98 | 40.94 | 45.92 | NOTE | |
r-devel-linux-x86_64-debian-gcc | 1.0.1 | 3.37 | 30.52 | 33.89 | NOTE | |
r-devel-linux-x86_64-fedora-clang | 1.0.1 | 58.04 | NOTE | |||
r-devel-linux-x86_64-fedora-gcc | 1.0.1 | 100.45 | NOTE | |||
r-devel-windows-x86_64 | 1.0.1 | 5.00 | 67.00 | 72.00 | NOTE | |
r-patched-linux-x86_64 | 1.0.1 | 5.21 | 39.05 | 44.26 | NOTE | |
r-release-linux-x86_64 | 1.0.1 | 4.47 | 38.23 | 42.70 | NOTE | |
r-release-macos-arm64 | 1.0.1 | 52.00 | NOTE | |||
r-release-windows-x86_64 | 1.0.1 | 5.00 | 63.00 | 68.00 | NOTE | |
r-oldrel-macos-arm64 | 1.0.1 | 54.00 | NOTE | |||
r-oldrel-macos-x86_64 | 1.0.1 | 76.00 | NOTE | |||
r-oldrel-windows-x86_64 | 1.0.1 | 6.00 | 60.00 | 66.00 | NOTE |
Version: 1.0.1
Check: package subdirectories
Result: NOTE
Problems with news in ‘NEWS.md’:
No news entries found.
Flavors: r-devel-linux-x86_64-debian-clang, r-devel-linux-x86_64-debian-gcc, r-devel-linux-x86_64-fedora-clang, r-devel-linux-x86_64-fedora-gcc, r-devel-windows-x86_64, r-patched-linux-x86_64, r-release-linux-x86_64, r-release-macos-arm64, r-release-windows-x86_64, r-oldrel-macos-arm64, r-oldrel-macos-x86_64, r-oldrel-windows-x86_64
Version: 1.0.1
Check: LazyData
Result: NOTE
'LazyData' is specified without a 'data' directory
Flavors: r-devel-linux-x86_64-debian-clang, r-devel-linux-x86_64-debian-gcc, r-devel-linux-x86_64-fedora-clang, r-devel-linux-x86_64-fedora-gcc, r-devel-windows-x86_64, r-patched-linux-x86_64, r-release-linux-x86_64, r-release-macos-arm64, r-release-windows-x86_64, r-oldrel-macos-arm64, r-oldrel-macos-x86_64, r-oldrel-windows-x86_64