Last updated on 2025-11-16 04:48:42 CET.
| Flavor | Version | Tinstall | Tcheck | Ttotal | Status | Flags |
|---|---|---|---|---|---|---|
| r-devel-linux-x86_64-debian-clang | 1.4-0 | 3.35 | 56.19 | 59.54 | OK | |
| r-devel-linux-x86_64-debian-gcc | 1.4-0 | 2.97 | 44.87 | 47.84 | NOTE | |
| r-devel-linux-x86_64-fedora-clang | 1.4-0 | 82.91 | OK | |||
| r-devel-linux-x86_64-fedora-gcc | 1.4-0 | 80.35 | OK | |||
| r-devel-windows-x86_64 | 1.4-0 | 7.00 | 90.00 | 97.00 | OK | |
| r-patched-linux-x86_64 | 1.4-0 | 6.41 | 52.36 | 58.77 | OK | |
| r-release-linux-x86_64 | 1.4-0 | 3.32 | 52.08 | 55.40 | OK | |
| r-release-macos-arm64 | 1.4-0 | 2.00 | 27.00 | 29.00 | OK | |
| r-release-macos-x86_64 | 1.4-0 | 4.00 | 45.00 | 49.00 | OK | |
| r-release-windows-x86_64 | 1.4-0 | 10.00 | 90.00 | 100.00 | OK | |
| r-oldrel-macos-arm64 | 1.4-0 | 2.00 | 38.00 | 40.00 | OK | |
| r-oldrel-macos-x86_64 | 1.4-0 | 6.00 | 85.00 | 91.00 | OK | |
| r-oldrel-windows-x86_64 | 1.4-0 | 9.00 | 104.00 | 113.00 | OK |
Version: 1.4-0
Check: HTML version of manual
Result: NOTE
Found the following HTML validation problems:
metadat.html:1868:124 (dat.bcg.Rd:5): Warning: <script> anchor "MathJax-script" already defined
metadat.html:2155:139 (dat.berkey1998.Rd:5): Warning: <script> anchor "MathJax-script" already defined
metadat.html:2876:85 (dat.bourassa1996.Rd:5): Warning: <script> anchor "MathJax-script" already defined
metadat.html:3273:124 (dat.colditz1994.Rd:5): Warning: <script> anchor "MathJax-script" already defined
metadat.html:13104:99 (dat.vanhowe1999.Rd:5): Warning: <script> anchor "MathJax-script" already defined
metadat.html:13773:111 (dat.yusuf1985.Rd:5): Warning: <script> anchor "MathJax-script" already defined
Flavor: r-devel-linux-x86_64-debian-gcc