CRAN Package Check Results for Package metaggR

Last updated on 2025-10-25 05:50:08 CEST.

Flavor Version Tinstall Tcheck Ttotal Status Flags
r-devel-linux-x86_64-debian-clang 0.3.0 1.70 30.23 31.93 NOTE
r-devel-linux-x86_64-debian-gcc 0.3.0 1.63 24.31 25.94 NOTE
r-devel-linux-x86_64-fedora-clang 0.3.0 49.29 OK
r-devel-linux-x86_64-fedora-gcc 0.3.0 60.38 OK
r-devel-windows-x86_64 0.3.0 3.00 49.00 52.00 OK
r-patched-linux-x86_64 0.3.0 1.90 27.94 29.84 OK
r-release-linux-x86_64 0.3.0 2.05 28.24 30.29 OK
r-release-macos-arm64 0.3.0 2.00 84.00 86.00 OK
r-release-macos-x86_64 0.3.0 2.00 45.00 47.00 OK
r-release-windows-x86_64 0.3.0 3.00 51.00 54.00 OK
r-oldrel-macos-arm64 0.3.0 1.00 23.00 24.00 OK
r-oldrel-macos-x86_64 0.3.0 2.00 34.00 36.00 OK
r-oldrel-windows-x86_64 0.3.0 5.00 59.00 64.00 OK

Check Details

Version: 0.3.0
Check: CRAN incoming feasibility
Result: NOTE Maintainer: ‘Ville Satopää <ville.satopaa@gmail.com>’ Package CITATION file contains call(s) to old-style personList() or as.personList(). Please use c() on person objects instead. Package CITATION file contains call(s) to old-style citEntry(). Please use bibentry() instead. Flavors: r-devel-linux-x86_64-debian-clang, r-devel-linux-x86_64-debian-gcc