Last updated on 2025-10-25 05:50:08 CEST.
| Flavor | Version | Tinstall | Tcheck | Ttotal | Status | Flags |
|---|---|---|---|---|---|---|
| r-devel-linux-x86_64-debian-clang | 1.2 | 12.58 | 162.29 | 174.87 | OK | |
| r-devel-linux-x86_64-debian-gcc | 1.2 | 10.56 | 112.08 | 122.64 | OK | |
| r-devel-linux-x86_64-fedora-clang | 1.2 | 30.00 | 255.25 | 285.25 | NOTE | |
| r-devel-linux-x86_64-fedora-gcc | 1.2 | 29.00 | 247.39 | 276.39 | NOTE | |
| r-devel-windows-x86_64 | 1.2 | 14.00 | 159.00 | 173.00 | OK | |
| r-patched-linux-x86_64 | 1.2 | 12.93 | 152.52 | 165.45 | OK | |
| r-release-linux-x86_64 | 1.2 | 12.84 | 151.19 | 164.03 | OK | |
| r-release-macos-arm64 | 1.2 | 5.00 | 70.00 | 75.00 | OK | |
| r-release-macos-x86_64 | 1.2 | 11.00 | 129.00 | 140.00 | OK | |
| r-release-windows-x86_64 | 1.2 | 15.00 | 161.00 | 176.00 | OK | |
| r-oldrel-macos-arm64 | 1.2 | 6.00 | 70.00 | 76.00 | OK | |
| r-oldrel-macos-x86_64 | 1.2 | 9.00 | 103.00 | 112.00 | OK | |
| r-oldrel-windows-x86_64 | 1.2 | 19.00 | 208.00 | 227.00 | OK |
Version: 1.2
Check: dependencies in R code
Result: NOTE
Namespace in Imports field not imported from: ‘lmerTest’
All declared Imports should be used.
Flavors: r-devel-linux-x86_64-fedora-clang, r-devel-linux-x86_64-fedora-gcc