Last updated on 2025-11-16 04:48:42 CET.
| Flavor | Version | Tinstall | Tcheck | Ttotal | Status | Flags |
|---|---|---|---|---|---|---|
| r-devel-linux-x86_64-debian-clang | 2.0-3 | 48.24 | 407.86 | 456.10 | NOTE | |
| r-devel-linux-x86_64-debian-gcc | 2.0-3 | 33.63 | 270.00 | 303.63 | NOTE | |
| r-devel-linux-x86_64-fedora-clang | 2.0-3 | 103.00 | 627.42 | 730.42 | OK | |
| r-devel-linux-x86_64-fedora-gcc | 2.0-3 | 100.00 | 592.98 | 692.98 | OK | |
| r-devel-windows-x86_64 | 2.0-3 | 44.00 | 322.00 | 366.00 | OK | |
| r-patched-linux-x86_64 | 2.0-3 | 48.69 | 393.51 | 442.20 | NOTE | |
| r-release-linux-x86_64 | 2.0-3 | 47.22 | 390.66 | 437.88 | NOTE | |
| r-release-macos-arm64 | 2.0-3 | 19.00 | 138.00 | 157.00 | OK | |
| r-release-macos-x86_64 | 2.0-3 | 47.00 | 304.00 | 351.00 | OK | |
| r-release-windows-x86_64 | 2.0-3 | 42.00 | 324.00 | 366.00 | OK | |
| r-oldrel-macos-arm64 | 2.0-3 | 10.00 | 76.00 | 86.00 | OK | |
| r-oldrel-macos-x86_64 | 2.0-3 | 30.00 | 228.00 | 258.00 | OK | |
| r-oldrel-windows-x86_64 | 2.0-3 | 63.00 | 448.00 | 511.00 | OK |
Version: 2.0-3
Check: for unstated dependencies in ‘demo’
Result: NOTE
'library' or 'require' call not declared from: ‘xts’
Flavors: r-devel-linux-x86_64-debian-clang, r-devel-linux-x86_64-debian-gcc, r-patched-linux-x86_64, r-release-linux-x86_64