Last updated on 2024-08-25 05:49:26 CEST.
Flavor | Version | Tinstall | Tcheck | Ttotal | Status | Flags |
---|---|---|---|---|---|---|
r-devel-linux-x86_64-debian-clang | 2.2.1 | 58.72 | 504.22 | 562.94 | OK | |
r-devel-linux-x86_64-debian-gcc | 2.2.1 | 41.02 | 331.00 | 372.02 | OK | |
r-devel-linux-x86_64-fedora-clang | 2.2.1 | 906.03 | NOTE | |||
r-devel-linux-x86_64-fedora-gcc | 2.2.1 | 887.53 | NOTE | |||
r-devel-windows-x86_64 | 2.2.1 | 60.00 | 433.00 | 493.00 | OK | |
r-patched-linux-x86_64 | 2.2.1 | 57.19 | 450.08 | 507.27 | OK | |
r-release-linux-x86_64 | 2.2.1 | 51.48 | 468.88 | 520.36 | OK | |
r-release-macos-arm64 | 2.2.1 | 187.00 | OK | |||
r-release-macos-x86_64 | 2.2.1 | 324.00 | OK | |||
r-release-windows-x86_64 | 2.2.1 | 62.00 | 427.00 | 489.00 | OK | |
r-oldrel-macos-arm64 | 2.2.1 | 179.00 | OK | |||
r-oldrel-macos-x86_64 | 2.2.1 | 560.00 | OK | |||
r-oldrel-windows-x86_64 | 2.2.1 | 77.00 | 496.00 | 573.00 | OK |
Version: 2.2.1
Check: data for non-ASCII characters
Result: NOTE
Note: found 3300 marked UTF-8 strings
Flavors: r-devel-linux-x86_64-fedora-clang, r-devel-linux-x86_64-fedora-gcc