CRAN Package Check Results for Package mev

Last updated on 2025-11-16 04:48:42 CET.

Flavor Version Tinstall Tcheck Ttotal Status Flags
r-devel-linux-x86_64-debian-clang 2.1 108.15 214.06 322.21 OK
r-devel-linux-x86_64-debian-gcc 2.1 71.88 142.38 214.26 NOTE
r-devel-linux-x86_64-fedora-clang 2.1 547.00 46.37 593.37 OK
r-devel-linux-x86_64-fedora-gcc 2.1 529.00 50.49 579.49 OK
r-devel-windows-x86_64 2.1 113.00 270.00 383.00 OK
r-patched-linux-x86_64 2.1 115.33 204.08 319.41 OK
r-release-linux-x86_64 2.1 115.60 202.96 318.56 OK
r-release-macos-arm64 2.1 41.00 75.00 116.00 OK
r-release-macos-x86_64 2.1 76.00 217.00 293.00 OK
r-release-windows-x86_64 2.1 110.00 251.00 361.00 OK
r-oldrel-macos-arm64 2.1 50.00 91.00 141.00 NOTE
r-oldrel-macos-x86_64 2.1 74.00 254.00 328.00 NOTE
r-oldrel-windows-x86_64 2.1 102.00 297.00 399.00 OK

Check Details

Version: 2.1
Check: CRAN incoming feasibility
Result: NOTE Maintainer: ‘Leo Belzile <belzilel@gmail.com>’ The BugReports field in DESCRIPTION has https://github.com/lbelzile/mev/issues/ which should likely be https://github.com/lbelzile/mev/issues/issues instead. Flavor: r-devel-linux-x86_64-debian-gcc

Version: 2.1
Check: installed package size
Result: NOTE installed size is 11.6Mb sub-directories of 1Mb or more: R 2.0Mb data 1.2Mb libs 7.3Mb Flavors: r-oldrel-macos-arm64, r-oldrel-macos-x86_64