Last updated on 2025-02-22 04:51:19 CET.
Flavor | Version | Tinstall | Tcheck | Ttotal | Status | Flags |
---|---|---|---|---|---|---|
r-devel-linux-x86_64-debian-clang | 0.2.1 | 25.19 | 155.78 | 180.97 | NOTE | |
r-devel-linux-x86_64-debian-gcc | 0.2.1 | 17.66 | 106.65 | 124.31 | NOTE | |
r-devel-linux-x86_64-fedora-clang | 0.2.1 | 292.45 | NOTE | |||
r-devel-linux-x86_64-fedora-gcc | 0.2.1 | 340.63 | NOTE | |||
r-devel-macos-arm64 | 0.2.1 | 90.00 | NOTE | |||
r-devel-macos-x86_64 | 0.2.1 | 169.00 | NOTE | |||
r-devel-windows-x86_64 | 0.2.1 | 31.00 | 209.00 | 240.00 | NOTE | |
r-patched-linux-x86_64 | 0.2.1 | 26.93 | 153.66 | 180.59 | NOTE | |
r-release-linux-x86_64 | 0.2.1 | 24.29 | 154.91 | 179.20 | NOTE | |
r-release-macos-arm64 | 0.2.1 | 88.00 | NOTE | |||
r-release-macos-x86_64 | 0.2.1 | 130.00 | NOTE | |||
r-release-windows-x86_64 | 0.2.1 | 31.00 | 213.00 | 244.00 | NOTE | |
r-oldrel-macos-arm64 | 0.2.1 | 100.00 | NOTE | |||
r-oldrel-macos-x86_64 | 0.2.1 | 181.00 | NOTE | |||
r-oldrel-windows-x86_64 | 0.2.1 | 36.00 | 254.00 | 290.00 | NOTE |
Version: 0.2.1
Check: package subdirectories
Result: NOTE
Problems with news in ‘NEWS.md’:
No news entries found.
Flavors: r-devel-linux-x86_64-debian-clang, r-devel-linux-x86_64-debian-gcc, r-devel-linux-x86_64-fedora-clang, r-devel-linux-x86_64-fedora-gcc, r-devel-macos-arm64, r-devel-macos-x86_64, r-devel-windows-x86_64, r-patched-linux-x86_64, r-release-linux-x86_64, r-release-macos-arm64, r-release-macos-x86_64, r-release-windows-x86_64, r-oldrel-macos-arm64, r-oldrel-macos-x86_64, r-oldrel-windows-x86_64