Last updated on 2025-11-16 04:48:42 CET.
| Flavor | Version | Tinstall | Tcheck | Ttotal | Status | Flags |
|---|---|---|---|---|---|---|
| r-devel-linux-x86_64-debian-clang | 1.5.5.1 | 7.07 | 66.55 | 73.62 | OK | |
| r-devel-linux-x86_64-debian-gcc | 1.5.5.1 | 5.35 | 50.58 | 55.93 | NOTE | |
| r-devel-linux-x86_64-fedora-clang | 1.5.5.1 | 15.00 | 103.88 | 118.88 | OK | |
| r-devel-linux-x86_64-fedora-gcc | 1.5.5.1 | 14.00 | 108.87 | 122.87 | OK | |
| r-devel-windows-x86_64 | 1.5.5.1 | 10.00 | 73.00 | 83.00 | OK | |
| r-patched-linux-x86_64 | 1.5.5.1 | 6.81 | 64.69 | 71.50 | OK | |
| r-release-linux-x86_64 | 1.5.5.1 | 5.73 | 64.07 | 69.80 | OK | |
| r-release-macos-arm64 | 1.5.5.1 | 4.00 | 47.00 | 51.00 | OK | |
| r-release-macos-x86_64 | 1.5.5.1 | 8.00 | 72.00 | 80.00 | OK | |
| r-release-windows-x86_64 | 1.5.5.1 | 8.00 | 73.00 | 81.00 | OK | |
| r-oldrel-macos-arm64 | 1.5.5.1 | 4.00 | 58.00 | 62.00 | OK | |
| r-oldrel-macos-x86_64 | 1.5.5.1 | 6.00 | 86.00 | 92.00 | OK | |
| r-oldrel-windows-x86_64 | 1.5.5.1 | 10.00 | 92.00 | 102.00 | OK |
Version: 1.5.5.1
Check: CRAN incoming feasibility
Result: NOTE
Maintainer: ‘Georg Heinze <georg.heinze@meduniwien.ac.at>’
The BugReports field in DESCRIPTION has
https://github.com/georgheinze/mfp/issues/
which should likely be
https://github.com/georgheinze/mfp/issues/issues
instead.
Flavor: r-devel-linux-x86_64-debian-gcc