Last updated on 2025-11-16 04:48:42 CET.
| Flavor | Version | Tinstall | Tcheck | Ttotal | Status | Flags |
|---|---|---|---|---|---|---|
| r-devel-linux-x86_64-debian-clang | 1.3 | 3.05 | 54.88 | 57.93 | OK | |
| r-devel-linux-x86_64-debian-gcc | 1.3 | 2.55 | 42.03 | 44.58 | NOTE | |
| r-devel-linux-x86_64-fedora-clang | 1.3 | 18.00 | 75.89 | 93.89 | OK | |
| r-devel-linux-x86_64-fedora-gcc | 1.3 | 25.00 | 83.47 | 108.47 | OK | |
| r-devel-windows-x86_64 | 1.3 | 9.00 | 85.00 | 94.00 | OK | |
| r-patched-linux-x86_64 | 1.3 | 3.56 | 50.55 | 54.11 | OK | |
| r-release-linux-x86_64 | 1.3 | 2.90 | 51.18 | 54.08 | OK | |
| r-release-macos-arm64 | 1.3 | 2.00 | 37.00 | 39.00 | OK | |
| r-release-macos-x86_64 | 1.3 | 3.00 | 62.00 | 65.00 | OK | |
| r-release-windows-x86_64 | 1.3 | 6.00 | 85.00 | 91.00 | OK | |
| r-oldrel-macos-arm64 | 1.3 | 2.00 | 54.00 | 56.00 | OK | |
| r-oldrel-macos-x86_64 | 1.3 | 3.00 | 72.00 | 75.00 | OK | |
| r-oldrel-windows-x86_64 | 1.3 | 8.00 | 100.00 | 108.00 | OK |
Version: 1.3
Check: CRAN incoming feasibility
Result: NOTE
Maintainer: ‘Frederic Bertrand <frederic.bertrand@lecnam.net>’
The BugReports field in DESCRIPTION has
https://github.com/mariechion/mi4p/issues/
which should likely be
https://github.com/mariechion/mi4p/issues/issues
instead.
Flavor: r-devel-linux-x86_64-debian-gcc