Last updated on 2025-02-22 04:51:20 CET.
Flavor | Version | Tinstall | Tcheck | Ttotal | Status | Flags |
---|---|---|---|---|---|---|
r-devel-linux-x86_64-debian-clang | 0.6-18 | 6.14 | 67.85 | 73.99 | NOTE | |
r-devel-linux-x86_64-debian-gcc | 0.6-18 | 4.18 | 46.21 | 50.39 | NOTE | |
r-devel-linux-x86_64-fedora-clang | 0.6-18 | 118.41 | OK | |||
r-devel-linux-x86_64-fedora-gcc | 0.6-18 | 126.38 | OK | |||
r-devel-macos-arm64 | 0.6-18 | 36.00 | OK | |||
r-devel-macos-x86_64 | 0.6-18 | 69.00 | OK | |||
r-devel-windows-x86_64 | 0.6-18 | 8.00 | 87.00 | 95.00 | NOTE | |
r-patched-linux-x86_64 | 0.6-18 | 7.23 | 62.60 | 69.83 | OK | |
r-release-linux-x86_64 | 0.6-18 | 5.92 | 63.03 | 68.95 | OK | |
r-release-macos-arm64 | 0.6-18 | 36.00 | OK | |||
r-release-macos-x86_64 | 0.6-18 | 55.00 | OK | |||
r-release-windows-x86_64 | 0.6-18 | 7.00 | 85.00 | 92.00 | OK | |
r-oldrel-macos-arm64 | 0.6-18 | 36.00 | OK | |||
r-oldrel-macos-x86_64 | 0.6-18 | 60.00 | OK | |||
r-oldrel-windows-x86_64 | 0.6-18 | 8.00 | 103.00 | 111.00 | OK |
Version: 0.6-18
Check: Rd cross-references
Result: NOTE
Found the following Rd file(s) with Rd \link{} targets missing package
anchors:
translogCheckCurvature.Rd: semidefiniteness, quasiconvexity,
quasiconcavity
Please provide package anchors for all Rd \link{} targets not in the
package itself and the base packages.
Flavors: r-devel-linux-x86_64-debian-clang, r-devel-linux-x86_64-debian-gcc, r-devel-windows-x86_64