Last updated on 2025-10-26 04:48:40 CET.
| Flavor | Version | Tinstall | Tcheck | Ttotal | Status | Flags |
|---|---|---|---|---|---|---|
| r-devel-linux-x86_64-debian-clang | 0.6-10 | 7.72 | 72.92 | 80.64 | NOTE | |
| r-devel-linux-x86_64-debian-gcc | 0.6-10 | 6.25 | 52.11 | 58.36 | NOTE | |
| r-devel-linux-x86_64-fedora-clang | 0.6-10 | 38.00 | 100.76 | 138.76 | OK | |
| r-devel-linux-x86_64-fedora-gcc | 0.6-10 | 46.00 | 81.79 | 127.79 | OK | |
| r-devel-windows-x86_64 | 0.6-10 | 10.00 | 80.00 | 90.00 | OK | |
| r-patched-linux-x86_64 | 0.6-10 | 8.06 | 69.42 | 77.48 | OK | |
| r-release-linux-x86_64 | 0.6-10 | 8.64 | 69.04 | 77.68 | OK | |
| r-release-macos-arm64 | 0.6-10 | 4.00 | 33.00 | 37.00 | OK | |
| r-release-macos-x86_64 | 0.6-10 | 11.00 | 66.00 | 77.00 | OK | |
| r-release-windows-x86_64 | 0.6-10 | 10.00 | 90.00 | 100.00 | OK | |
| r-oldrel-macos-arm64 | 0.6-10 | 4.00 | 32.00 | 36.00 | OK | |
| r-oldrel-macos-x86_64 | 0.6-10 | 6.00 | 47.00 | 53.00 | OK | |
| r-oldrel-windows-x86_64 | 0.6-10 | 14.00 | 102.00 | 116.00 | OK |
Version: 0.6-10
Check: CRAN incoming feasibility
Result: NOTE
Maintainer: ‘Arne Henningsen <arne.henningsen@gmail.com>’
No Authors@R field in DESCRIPTION.
Please add one, modifying
Authors@R: person(given = "Arne",
family = "Henningsen",
role = c("aut", "cre"),
email = "arne.henningsen@gmail.com")
as necessary.
Flavors: r-devel-linux-x86_64-debian-clang, r-devel-linux-x86_64-debian-gcc