CRAN Package Check Results for Package microbenchmark

Last updated on 2025-11-16 04:48:42 CET.

Flavor Version Tinstall Tcheck Ttotal Status Flags
r-devel-linux-x86_64-debian-clang 1.5.0 5.18 43.44 48.62 OK
r-devel-linux-x86_64-debian-gcc 1.5.0 4.38 36.56 40.94 NOTE
r-devel-linux-x86_64-fedora-clang 1.5.0 12.00 61.90 73.90 OK
r-devel-linux-x86_64-fedora-gcc 1.5.0 14.00 56.22 70.22 OK
r-devel-windows-x86_64 1.5.0 13.00 61.00 74.00 OK
r-patched-linux-x86_64 1.5.0 4.21 42.47 46.68 OK
r-release-linux-x86_64 1.5.0 3.89 42.34 46.23 OK
r-release-macos-arm64 1.5.0 9.00 26.00 35.00 OK
r-release-macos-x86_64 1.5.0 14.00 42.00 56.00 OK
r-release-windows-x86_64 1.5.0 13.00 62.00 75.00 OK
r-oldrel-macos-arm64 1.5.0 7.00 25.00 32.00 OK
r-oldrel-macos-x86_64 1.5.0 25.00 71.00 96.00 OK
r-oldrel-windows-x86_64 1.5.0 10.00 76.00 86.00 OK

Check Details

Version: 1.5.0
Check: CRAN incoming feasibility
Result: NOTE Maintainer: ‘Joshua M. Ulrich <josh.m.ulrich@gmail.com>’ The BugReports field in DESCRIPTION has https://github.com/joshuaulrich/microbenchmark/issues/ which should likely be https://github.com/joshuaulrich/microbenchmark/issues/issues instead. Flavor: r-devel-linux-x86_64-debian-gcc