Last updated on 2024-08-25 05:49:26 CEST.
Flavor | Version | Tinstall | Tcheck | Ttotal | Status | Flags |
---|---|---|---|---|---|---|
r-devel-linux-x86_64-debian-clang | 1.2 | 4.64 | 53.35 | 57.99 | NOTE | |
r-devel-linux-x86_64-debian-gcc | 1.2 | 3.28 | 41.88 | 45.16 | NOTE | |
r-devel-linux-x86_64-fedora-clang | 1.2 | 97.72 | NOTE | |||
r-devel-linux-x86_64-fedora-gcc | 1.2 | 104.24 | NOTE | |||
r-devel-windows-x86_64 | 1.2 | 6.00 | 90.00 | 96.00 | NOTE | |
r-patched-linux-x86_64 | 1.2 | 9.61 | 51.35 | 60.96 | NOTE | |
r-release-linux-x86_64 | 1.2 | 4.59 | 51.93 | 56.52 | NOTE | |
r-release-macos-arm64 | 1.2 | 41.00 | NOTE | |||
r-release-macos-x86_64 | 1.2 | 74.00 | NOTE | |||
r-release-windows-x86_64 | 1.2 | 6.00 | 83.00 | 89.00 | NOTE | |
r-oldrel-macos-arm64 | 1.2 | 43.00 | NOTE | |||
r-oldrel-macos-x86_64 | 1.2 | 62.00 | NOTE | |||
r-oldrel-windows-x86_64 | 1.2 | 8.00 | 93.00 | 101.00 | NOTE |
Version: 1.2
Check: package dependencies
Result: NOTE
Package suggested but not available for checking: ‘microcontax.data’
Flavors: r-devel-linux-x86_64-debian-clang, r-devel-linux-x86_64-debian-gcc, r-devel-linux-x86_64-fedora-clang, r-devel-linux-x86_64-fedora-gcc, r-devel-windows-x86_64, r-patched-linux-x86_64, r-release-linux-x86_64, r-release-macos-arm64, r-release-macos-x86_64, r-release-windows-x86_64, r-oldrel-macos-arm64, r-oldrel-macos-x86_64, r-oldrel-windows-x86_64
Version: 1.2
Check: Rd cross-references
Result: NOTE
Package unavailable to check Rd xrefs: ‘microcontax.data’
Found the following Rd file(s) with Rd \link{} targets missing package
anchors:
getDomain.Rd: readFasta
Please provide package anchors for all Rd \link{} targets not in the
package itself and the base packages.
Flavors: r-devel-linux-x86_64-debian-clang, r-devel-linux-x86_64-debian-gcc, r-devel-windows-x86_64
Version: 1.2
Check: Rd cross-references
Result: NOTE
Package unavailable to check Rd xrefs: ‘microcontax.data’
Flavors: r-devel-linux-x86_64-fedora-clang, r-devel-linux-x86_64-fedora-gcc, r-patched-linux-x86_64, r-release-linux-x86_64, r-release-macos-arm64, r-release-macos-x86_64, r-release-windows-x86_64, r-oldrel-macos-arm64, r-oldrel-macos-x86_64, r-oldrel-windows-x86_64