Last updated on 2024-08-25 05:49:27 CEST.
Flavor | Version | Tinstall | Tcheck | Ttotal | Status | Flags |
---|---|---|---|---|---|---|
r-devel-linux-x86_64-debian-clang | 1.0-45 | 15.74 | 129.23 | 144.97 | NOTE | |
r-devel-linux-x86_64-debian-gcc | 1.0-45 | 12.21 | 91.34 | 103.55 | NOTE | |
r-devel-linux-x86_64-fedora-clang | 1.0-45 | 236.87 | OK | |||
r-devel-linux-x86_64-fedora-gcc | 1.0-45 | 228.51 | OK | |||
r-devel-windows-x86_64 | 1.0-45 | 19.00 | 157.00 | 176.00 | NOTE | |
r-patched-linux-x86_64 | 1.0-45 | 21.80 | 115.69 | 137.49 | OK | |
r-release-linux-x86_64 | 1.0-45 | 13.13 | 124.32 | 137.45 | OK | |
r-release-macos-arm64 | 1.0-45 | 72.00 | OK | |||
r-release-macos-x86_64 | 1.0-45 | 121.00 | OK | |||
r-release-windows-x86_64 | 1.0-45 | 17.00 | 152.00 | 169.00 | OK | |
r-oldrel-macos-arm64 | 1.0-45 | 79.00 | OK | |||
r-oldrel-macos-x86_64 | 1.0-45 | 74.00 | OK | |||
r-oldrel-windows-x86_64 | 1.0-45 | 24.00 | 180.00 | 204.00 | OK |
Version: 1.0-45
Check: Rd cross-references
Result: NOTE
Found the following Rd file(s) with Rd \link{} targets missing package
anchors:
latex.AEdotplot.Rd: flextable
msWord.Rd: flextable
Please provide package anchors for all Rd \link{} targets not in the
package itself and the base packages.
Flavors: r-devel-linux-x86_64-debian-clang, r-devel-linux-x86_64-debian-gcc, r-devel-windows-x86_64