CRAN Package Check Results for Package midastouch

Last updated on 2025-11-16 04:48:42 CET.

Flavor Version Tinstall Tcheck Ttotal Status Flags
r-devel-linux-x86_64-debian-clang 1.3 1.34 22.62 23.96 NOTE
r-devel-linux-x86_64-debian-gcc 1.3 1.37 18.16 19.53 NOTE
r-devel-linux-x86_64-fedora-clang 1.3 35.81 OK
r-devel-linux-x86_64-fedora-gcc 1.3 34.06 OK
r-devel-windows-x86_64 1.3 5.00 40.00 45.00 OK
r-patched-linux-x86_64 1.3 1.71 21.28 22.99 OK
r-release-linux-x86_64 1.3 1.68 21.44 23.12 OK
r-release-macos-arm64 1.3 1.00 18.00 19.00 OK
r-release-macos-x86_64 1.3 2.00 28.00 30.00 OK
r-release-windows-x86_64 1.3 2.00 40.00 42.00 OK
r-oldrel-macos-arm64 1.3 1.00 15.00 16.00 NOTE
r-oldrel-macos-x86_64 1.3 2.00 24.00 26.00 NOTE
r-oldrel-windows-x86_64 1.3 4.00 47.00 51.00 NOTE

Check Details

Version: 1.3
Check: CRAN incoming feasibility
Result: NOTE Maintainer: ‘Philipp Gaffert <philipp.gaffert@web.de>’ Package CITATION file contains call(s) to old-style personList() or as.personList(). Please use c() on person objects instead. Package CITATION file contains call(s) to old-style citEntry(). Please use bibentry() instead. Flavors: r-devel-linux-x86_64-debian-clang, r-devel-linux-x86_64-debian-gcc

Version: 1.3
Check: LazyData
Result: NOTE 'LazyData' is specified without a 'data' directory Flavors: r-oldrel-macos-arm64, r-oldrel-macos-x86_64, r-oldrel-windows-x86_64