CRAN Package Check Results for Package minb

Last updated on 2025-11-16 04:48:42 CET.

Flavor Version Tinstall Tcheck Ttotal Status Flags
r-devel-linux-x86_64-debian-clang 0.1.0 2.03 26.52 28.55 NOTE
r-devel-linux-x86_64-debian-gcc 0.1.0 1.59 20.97 22.56 NOTE
r-devel-linux-x86_64-fedora-clang 0.1.0 44.61 OK
r-devel-linux-x86_64-fedora-gcc 0.1.0 42.55 OK
r-devel-windows-x86_64 0.1.0 3.00 44.00 47.00 OK
r-patched-linux-x86_64 0.1.0 2.23 24.90 27.13 OK
r-release-linux-x86_64 0.1.0 2.12 25.41 27.53 OK
r-release-macos-arm64 0.1.0 1.00 20.00 21.00 OK
r-release-macos-x86_64 0.1.0 4.00 40.00 44.00 OK
r-release-windows-x86_64 0.1.0 3.00 44.00 47.00 OK
r-oldrel-macos-arm64 0.1.0 1.00 18.00 19.00 OK
r-oldrel-macos-x86_64 0.1.0 2.00 28.00 30.00 OK
r-oldrel-windows-x86_64 0.1.0 3.00 51.00 54.00 OK

Check Details

Version: 0.1.0
Check: CRAN incoming feasibility
Result: NOTE Maintainer: ‘Mingcong Wu <wumingcong@ruc.edu.cn>’ The Description field contains <arXiv:2309.15585>. Please refer to arXiv e-prints via their arXiv DOI <doi:10.48550/arXiv.YYMM.NNNNN>. Flavors: r-devel-linux-x86_64-debian-clang, r-devel-linux-x86_64-debian-gcc