Last updated on 2025-10-26 04:48:40 CET.
| Flavor | Version | Tinstall | Tcheck | Ttotal | Status | Flags |
|---|---|---|---|---|---|---|
| r-devel-linux-x86_64-debian-clang | 0.1.0 | 2.05 | 26.98 | 29.03 | NOTE | |
| r-devel-linux-x86_64-debian-gcc | 0.1.0 | 1.74 | 20.78 | 22.52 | NOTE | |
| r-devel-linux-x86_64-fedora-clang | 0.1.0 | 44.06 | OK | |||
| r-devel-linux-x86_64-fedora-gcc | 0.1.0 | 42.96 | OK | |||
| r-devel-windows-x86_64 | 0.1.0 | 2.00 | 47.00 | 49.00 | OK | |
| r-patched-linux-x86_64 | 0.1.0 | 2.09 | 25.12 | 27.21 | OK | |
| r-release-linux-x86_64 | 0.1.0 | 1.99 | 25.36 | 27.35 | OK | |
| r-release-macos-arm64 | 0.1.0 | 1.00 | 20.00 | 21.00 | OK | |
| r-release-macos-x86_64 | 0.1.0 | 4.00 | 40.00 | 44.00 | OK | |
| r-release-windows-x86_64 | 0.1.0 | 7.00 | 47.00 | 54.00 | OK | |
| r-oldrel-macos-arm64 | 0.1.0 | 1.00 | 18.00 | 19.00 | OK | |
| r-oldrel-macos-x86_64 | 0.1.0 | 2.00 | 28.00 | 30.00 | OK | |
| r-oldrel-windows-x86_64 | 0.1.0 | 5.00 | 50.00 | 55.00 | OK |
Version: 0.1.0
Check: CRAN incoming feasibility
Result: NOTE
Maintainer: ‘Mingcong Wu <wumingcong@ruc.edu.cn>’
The Description field contains
<arXiv:2309.15585>.
Please refer to arXiv e-prints via their arXiv DOI <doi:10.48550/arXiv.YYMM.NNNNN>.
Flavors: r-devel-linux-x86_64-debian-clang, r-devel-linux-x86_64-debian-gcc