Last updated on 2025-11-16 04:48:42 CET.
| Flavor | Version | Tinstall | Tcheck | Ttotal | Status | Flags |
|---|---|---|---|---|---|---|
| r-devel-linux-x86_64-debian-clang | 0.1.1 | 35.32 | 326.74 | 362.06 | OK | |
| r-devel-linux-x86_64-debian-gcc | 0.1.1 | 24.10 | 222.50 | 246.60 | OK | |
| r-devel-linux-x86_64-fedora-clang | 0.1.1 | 90.00 | 491.74 | 581.74 | OK | |
| r-devel-linux-x86_64-fedora-gcc | 0.1.1 | 87.00 | 462.46 | 549.46 | OK | |
| r-devel-windows-x86_64 | 0.1.1 | 42.00 | 242.00 | 284.00 | OK | |
| r-patched-linux-x86_64 | 0.1.1 | 37.05 | 313.22 | 350.27 | OK | |
| r-release-linux-x86_64 | 0.1.1 | 40.79 | 312.30 | 353.09 | OK | |
| r-release-macos-arm64 | 0.1.1 | 20.00 | 103.00 | 123.00 | OK | |
| r-release-macos-x86_64 | 0.1.1 | 7.00 | ERROR | |||
| r-release-windows-x86_64 | 0.1.1 | 36.00 | 234.00 | 270.00 | OK | |
| r-oldrel-macos-arm64 | 0.1.1 | 14.00 | 98.00 | 112.00 | OK | |
| r-oldrel-macos-x86_64 | 0.1.1 | 22.00 | 152.00 | 174.00 | OK | |
| r-oldrel-windows-x86_64 | 0.1.1 | 53.00 | 335.00 | 388.00 | OK |
Version: 0.1.1
Check: package dependencies
Result: ERROR
Package required but not available: ‘InteractiveComplexHeatmap’
See section ‘The DESCRIPTION file’ in the ‘Writing R Extensions’
manual.
Flavor: r-release-macos-x86_64