Last updated on 2024-08-25 05:49:27 CEST.
Flavor | Version | Tinstall | Tcheck | Ttotal | Status | Flags |
---|---|---|---|---|---|---|
r-devel-linux-x86_64-debian-clang | 0.3.5 | 11.39 | 70.38 | 81.77 | NOTE | |
r-devel-linux-x86_64-debian-gcc | 0.3.5 | 7.68 | 52.05 | 59.73 | NOTE | |
r-devel-linux-x86_64-fedora-clang | 0.3.5 | 134.72 | OK | |||
r-devel-linux-x86_64-fedora-gcc | 0.3.5 | 128.61 | OK | |||
r-devel-windows-x86_64 | 0.3.5 | 13.00 | 83.00 | 96.00 | NOTE | |
r-patched-linux-x86_64 | 0.3.5 | 15.37 | 64.50 | 79.87 | OK | |
r-release-linux-x86_64 | 0.3.5 | 9.52 | 65.98 | 75.50 | OK | |
r-release-macos-arm64 | 0.3.5 | 38.00 | OK | |||
r-release-macos-x86_64 | 0.3.5 | 53.00 | OK | |||
r-release-windows-x86_64 | 0.3.5 | 13.00 | 92.00 | 105.00 | OK | |
r-oldrel-macos-arm64 | 0.3.5 | 42.00 | OK | |||
r-oldrel-macos-x86_64 | 0.3.5 | 126.00 | OK | |||
r-oldrel-windows-x86_64 | 0.3.5 | 17.00 | 102.00 | 119.00 | OK |
Version: 0.3.5
Check: Rd cross-references
Result: NOTE
Found the following Rd file(s) with Rd \link{} targets missing package
anchors:
misclassGLM.Rd: ucminf
misclassMlogit.Rd: ucminf
Please provide package anchors for all Rd \link{} targets not in the
package itself and the base packages.
Flavors: r-devel-linux-x86_64-debian-clang, r-devel-linux-x86_64-debian-gcc, r-devel-windows-x86_64