Last updated on 2024-08-25 05:49:27 CEST.
Flavor | Version | Tinstall | Tcheck | Ttotal | Status | Flags |
---|---|---|---|---|---|---|
r-devel-linux-x86_64-debian-clang | 1.2.7 | 8.07 | 38.60 | 46.67 | NOTE | |
r-devel-linux-x86_64-debian-gcc | 1.2.7 | 5.72 | 27.49 | 33.21 | NOTE | |
r-devel-linux-x86_64-fedora-clang | 1.2.7 | 74.05 | NOTE | |||
r-devel-linux-x86_64-fedora-gcc | 1.2.7 | 70.49 | NOTE | |||
r-devel-windows-x86_64 | 1.2.7 | 10.00 | 60.00 | 70.00 | NOTE | |
r-patched-linux-x86_64 | 1.2.7 | 6.43 | 36.31 | 42.74 | NOTE | |
r-release-linux-x86_64 | 1.2.7 | 6.71 | 37.16 | 43.87 | NOTE | |
r-release-macos-arm64 | 1.2.7 | 25.00 | NOTE | |||
r-release-macos-x86_64 | 1.2.7 | 42.00 | NOTE | |||
r-release-windows-x86_64 | 1.2.7 | 12.00 | 63.00 | 75.00 | NOTE | |
r-oldrel-macos-arm64 | 1.2.7 | 33.00 | NOTE | |||
r-oldrel-macos-x86_64 | 1.2.7 | 50.00 | NOTE | |||
r-oldrel-windows-x86_64 | 1.2.7 | 13.00 | 68.00 | 81.00 | NOTE |
Version: 1.2.7
Check: Rd files
Result: NOTE
checkRd: (-1) SLD.Rd:20: Escaped LaTeX specials: \&
Flavors: r-devel-linux-x86_64-debian-clang, r-devel-linux-x86_64-debian-gcc, r-devel-linux-x86_64-fedora-clang, r-devel-linux-x86_64-fedora-gcc, r-devel-windows-x86_64, r-patched-linux-x86_64, r-release-linux-x86_64, r-release-macos-arm64, r-release-macos-x86_64, r-release-windows-x86_64, r-oldrel-macos-arm64, r-oldrel-macos-x86_64, r-oldrel-windows-x86_64
Version: 1.2.7
Check: compiled code
Result: NOTE
File ‘mixexp/libs/mixexp.so’:
Found no calls to: ‘R_registerRoutines’, ‘R_useDynamicSymbols’
It is good practice to register native routines and to disable symbol
search.
See ‘Writing portable packages’ in the ‘Writing R Extensions’ manual.
Flavors: r-devel-linux-x86_64-fedora-clang, r-devel-linux-x86_64-fedora-gcc