Last updated on 2025-02-21 04:51:56 CET.
Flavor | Version | Tinstall | Tcheck | Ttotal | Status | Flags |
---|---|---|---|---|---|---|
r-devel-linux-x86_64-debian-clang | 1.4.2 | 11.16 | 78.80 | 89.96 | OK | |
r-devel-linux-x86_64-debian-gcc | 1.4.2 | 6.62 | 55.58 | 62.20 | OK | |
r-devel-linux-x86_64-fedora-clang | 1.4.2 | 141.15 | OK | |||
r-devel-linux-x86_64-fedora-gcc | 1.4.2 | 134.68 | OK | |||
r-devel-macos-arm64 | 1.4.2 | 41.00 | OK | |||
r-devel-macos-x86_64 | 1.4.2 | 69.00 | OK | |||
r-devel-windows-x86_64 | 1.4.2 | 13.00 | 90.00 | 103.00 | OK | |
r-patched-linux-x86_64 | 1.4.2 | 10.39 | 73.06 | 83.45 | NOTE | |
r-release-linux-x86_64 | 1.4.2 | 9.37 | 74.19 | 83.56 | NOTE | |
r-release-macos-arm64 | 1.4.2 | 40.00 | OK | |||
r-release-macos-x86_64 | 1.4.2 | 60.00 | OK | |||
r-release-windows-x86_64 | 1.4.2 | 13.00 | 91.00 | 104.00 | OK | |
r-oldrel-macos-arm64 | 1.4.2 | 41.00 | OK | |||
r-oldrel-macos-x86_64 | 1.4.2 | 85.00 | OK | |||
r-oldrel-windows-x86_64 | 1.4.2 | 15.00 | 114.00 | 129.00 | OK |
Version: 1.4.2
Check: package dependencies
Result: NOTE
Package suggested but not available for checking: ‘hasseDiagram’
Flavors: r-patched-linux-x86_64, r-release-linux-x86_64