Last updated on 2025-02-22 04:51:20 CET.
Flavor | Version | Tinstall | Tcheck | Ttotal | Status | Flags |
---|---|---|---|---|---|---|
r-devel-linux-x86_64-debian-clang | 3.1.9 | 5.85 | 32.67 | 38.52 | NOTE | |
r-devel-linux-x86_64-debian-gcc | 3.1.9 | 4.38 | 25.47 | 29.85 | NOTE | |
r-devel-linux-x86_64-fedora-clang | 3.1.9 | 59.67 | NOTE | |||
r-devel-linux-x86_64-fedora-gcc | 3.1.9 | 70.93 | NOTE | |||
r-devel-macos-arm64 | 3.1.9 | 30.00 | NOTE | |||
r-devel-macos-x86_64 | 3.1.9 | 58.00 | NOTE | |||
r-devel-windows-x86_64 | 3.1.9 | 11.00 | 73.00 | 84.00 | NOTE | |
r-patched-linux-x86_64 | 3.1.9 | 5.80 | 31.10 | 36.90 | NOTE | |
r-release-linux-x86_64 | 3.1.9 | 5.20 | 30.85 | 36.05 | NOTE | |
r-release-macos-arm64 | 3.1.9 | 35.00 | NOTE | |||
r-release-macos-x86_64 | 3.1.9 | 45.00 | NOTE | |||
r-release-windows-x86_64 | 3.1.9 | 11.00 | 77.00 | 88.00 | NOTE | |
r-oldrel-macos-arm64 | 3.1.9 | 30.00 | NOTE | |||
r-oldrel-macos-x86_64 | 3.1.9 | 45.00 | NOTE | |||
r-oldrel-windows-x86_64 | 3.1.9 | 12.00 | 73.00 | 85.00 | NOTE |
Version: 3.1.9
Check: Rd files
Result: NOTE
checkRd: (-1) gp.list.Rd:16: Escaped LaTeX specials: \#
Flavors: r-devel-linux-x86_64-debian-clang, r-devel-linux-x86_64-debian-gcc, r-devel-linux-x86_64-fedora-clang, r-devel-linux-x86_64-fedora-gcc, r-devel-macos-arm64, r-devel-macos-x86_64, r-devel-windows-x86_64, r-patched-linux-x86_64, r-release-linux-x86_64, r-release-macos-arm64, r-release-macos-x86_64, r-release-windows-x86_64, r-oldrel-macos-arm64, r-oldrel-macos-x86_64, r-oldrel-windows-x86_64