CRAN Package Check Results for Package mlf

Last updated on 2025-07-01 05:49:24 CEST.

Flavor Version Tinstall Tcheck Ttotal Status Flags
r-devel-linux-x86_64-debian-clang 1.2.1 2.07 25.20 27.27 OK
r-devel-linux-x86_64-debian-gcc 1.2.1 1.57 18.69 20.26 OK
r-devel-linux-x86_64-fedora-clang 1.2.1 42.62 OK
r-devel-linux-x86_64-fedora-gcc 1.2.1 40.85 OK
r-devel-windows-x86_64 1.2.1 4.00 46.00 50.00 OK
r-patched-linux-x86_64 OK
r-release-linux-x86_64 1.2.1 2.04 23.21 25.25 OK
r-release-macos-arm64 1.2.1 17.00 OK
r-release-macos-x86_64 1.2.1 27.00 OK
r-release-windows-x86_64 1.2.1 3.00 49.00 52.00 OK
r-oldrel-macos-arm64 1.2.1 16.00 NOTE
r-oldrel-macos-x86_64 1.2.1 23.00 NOTE
r-oldrel-windows-x86_64 1.2.1 4.00 44.00 48.00 NOTE

Check Details

Version: 1.2.1
Check: LazyData
Result: NOTE 'LazyData' is specified without a 'data' directory Flavors: r-oldrel-macos-arm64, r-oldrel-macos-x86_64, r-oldrel-windows-x86_64