Last updated on 2024-08-25 05:49:27 CEST.
Flavor | Version | Tinstall | Tcheck | Ttotal | Status | Flags |
---|---|---|---|---|---|---|
r-devel-linux-x86_64-debian-clang | 0.3.0 | 11.92 | 105.02 | 116.94 | OK | |
r-devel-linux-x86_64-debian-gcc | 0.3.0 | 8.90 | 75.35 | 84.25 | OK | |
r-devel-linux-x86_64-fedora-clang | 0.3.0 | 178.06 | OK | |||
r-devel-linux-x86_64-fedora-gcc | 0.3.0 | 170.69 | OK | |||
r-devel-windows-x86_64 | 0.3.0 | 12.00 | 103.00 | 115.00 | OK | |
r-patched-linux-x86_64 | 0.3.0 | 10.16 | 92.94 | 103.10 | OK | |
r-release-linux-x86_64 | 0.3.0 | 10.33 | 95.55 | 105.88 | OK | |
r-release-macos-arm64 | 0.3.0 | 53.00 | OK | |||
r-release-macos-x86_64 | 0.3.0 | 144.00 | OK | |||
r-release-windows-x86_64 | 0.3.0 | 13.00 | 102.00 | 115.00 | OK | |
r-oldrel-macos-arm64 | 0.3.0 | 11.00 | ERROR | |||
r-oldrel-macos-x86_64 | 0.3.0 | 11.00 | ERROR | |||
r-oldrel-windows-x86_64 | 0.3.0 | 16.00 | 135.00 | 151.00 | OK |
Version: 0.3.0
Check: package dependencies
Result: ERROR
Packages required and available but unsuitable versions:
'mlr3', 'bbotk', 'mlr3fselect', 'mlr3learners', 'mlr3tuning',
'paradox'
See section ‘The DESCRIPTION file’ in the ‘Writing R Extensions’
manual.
Flavors: r-oldrel-macos-arm64, r-oldrel-macos-x86_64