Last updated on 2025-02-22 04:51:20 CET.
Flavor | Version | Tinstall | Tcheck | Ttotal | Status | Flags |
---|---|---|---|---|---|---|
r-devel-linux-x86_64-debian-clang | 1.0.2 | 116.29 | 79.85 | 196.14 | OK | |
r-devel-linux-x86_64-debian-gcc | 1.0.2 | 95.26 | 62.69 | 157.95 | OK | |
r-devel-linux-x86_64-fedora-clang | 1.0.2 | 347.02 | OK | |||
r-devel-linux-x86_64-fedora-gcc | 1.0.2 | 384.90 | OK | |||
r-devel-macos-arm64 | 1.0.2 | 78.00 | OK | |||
r-devel-macos-x86_64 | 1.0.2 | 126.00 | OK | |||
r-devel-windows-x86_64 | 1.0.2 | 116.00 | 111.00 | 227.00 | OK | |
r-patched-linux-x86_64 | 1.0.2 | 130.66 | 87.51 | 218.17 | OK | |
r-release-linux-x86_64 | 1.0.2 | 126.80 | 87.06 | 213.86 | OK | |
r-release-macos-arm64 | 1.0.2 | 94.00 | NOTE | |||
r-release-macos-x86_64 | 1.0.2 | 116.00 | NOTE | |||
r-release-windows-x86_64 | 1.0.2 | 117.00 | 115.00 | 232.00 | OK | |
r-oldrel-macos-arm64 | 1.0.2 | 83.00 | NOTE | |||
r-oldrel-macos-x86_64 | 1.0.2 | 114.00 | NOTE | |||
r-oldrel-windows-x86_64 | 1.0.2 | 141.00 | 157.00 | 298.00 | OK |
Version: 1.0.2
Check: installed package size
Result: NOTE
installed size is 19.6Mb
sub-directories of 1Mb or more:
libs 19.4Mb
Flavors: r-release-macos-arm64, r-release-macos-x86_64, r-oldrel-macos-arm64, r-oldrel-macos-x86_64