CRAN Package Check Results for Package modelsummary

Last updated on 2025-02-22 04:51:20 CET.

Flavor Version Tinstall Tcheck Ttotal Status Flags
r-devel-linux-x86_64-debian-clang 2.3.0 10.73 69.54 80.27 OK
r-devel-linux-x86_64-debian-gcc 2.3.0 7.78 47.60 55.38 OK
r-devel-linux-x86_64-fedora-clang 2.3.0 132.14 OK
r-devel-linux-x86_64-fedora-gcc 2.3.0 127.64 OK
r-devel-macos-arm64 2.3.0 32.00 OK
r-devel-macos-x86_64 2.3.0 78.00 OK
r-devel-windows-x86_64 2.3.0 14.00 89.00 103.00 OK
r-patched-linux-x86_64 2.3.0 11.38 65.44 76.82 OK
r-release-linux-x86_64 2.3.0 10.78 65.63 76.41 OK
r-release-macos-arm64 2.3.0 39.00 OK
r-release-macos-x86_64 2.3.0 99.00 OK
r-release-windows-x86_64 2.3.0 14.00 89.00 103.00 OK
r-oldrel-macos-arm64 2.2.0 41.00 OK
r-oldrel-macos-x86_64 2.3.0 11.00 ERROR
r-oldrel-windows-x86_64 2.3.0 15.00 105.00 120.00 OK

Check Details

Version: 2.3.0
Check: package dependencies
Result: ERROR Package required and available but unsuitable version: ‘tinytable’ See section ‘The DESCRIPTION file’ in the ‘Writing R Extensions’ manual. Flavor: r-oldrel-macos-x86_64