Last updated on 2025-11-16 04:48:43 CET.
| Flavor | Version | Tinstall | Tcheck | Ttotal | Status | Flags |
|---|---|---|---|---|---|---|
| r-devel-linux-x86_64-debian-clang | 0.7.0 | 10.56 | 117.46 | 128.02 | NOTE | |
| r-devel-linux-x86_64-debian-gcc | 0.7.0 | 7.85 | 91.01 | 98.86 | NOTE | |
| r-devel-linux-x86_64-fedora-clang | 0.7.0 | 25.00 | 182.11 | 207.11 | NOTE | |
| r-devel-linux-x86_64-fedora-gcc | 0.7.0 | 18.00 | 184.75 | 202.75 | NOTE | |
| r-devel-windows-x86_64 | 0.7.0 | 17.00 | 133.00 | 150.00 | NOTE | |
| r-patched-linux-x86_64 | 0.7.0 | 11.46 | 109.98 | 121.44 | NOTE | |
| r-release-linux-x86_64 | 0.7.0 | 10.57 | 117.71 | 128.28 | NOTE | |
| r-release-macos-arm64 | 0.7.0 | 5.00 | 65.00 | 70.00 | NOTE | |
| r-release-macos-x86_64 | 0.7.0 | 10.00 | 102.00 | 112.00 | NOTE | |
| r-release-windows-x86_64 | 0.7.0 | 16.00 | 117.00 | 133.00 | NOTE | |
| r-oldrel-macos-arm64 | 0.7.0 | 5.00 | 53.00 | 58.00 | OK | |
| r-oldrel-macos-x86_64 | 0.7.0 | 9.00 | 95.00 | 104.00 | OK | |
| r-oldrel-windows-x86_64 | 0.7.0 | 18.00 | 160.00 | 178.00 | OK |
Version: 0.7.0
Check: DESCRIPTION meta-information
Result: NOTE
Missing dependency on R >= 4.1.0 because package code uses the pipe
|> or function shorthand \(...) syntax added in R 4.1.0.
File(s) using such syntax:
‘pop_sd.Rd’ ‘tidy_summary.R’
Flavors: r-devel-linux-x86_64-debian-clang, r-devel-linux-x86_64-debian-gcc, r-devel-linux-x86_64-fedora-clang, r-devel-linux-x86_64-fedora-gcc, r-devel-windows-x86_64, r-patched-linux-x86_64, r-release-linux-x86_64, r-release-macos-arm64, r-release-windows-x86_64
Version: 0.7.0
Check: DESCRIPTION meta-information
Result: NOTE
Missing dependency on R >= 4.1.0 because package code uses the pipe
|> or function shorthand \(...) syntax added in R 4.1.0.
File(s) using such syntax:
‘tidy_summary.R’
Flavor: r-release-macos-x86_64