CRAN Package Check Results for Package moonBook

Last updated on 2025-11-16 04:48:43 CET.

Flavor Version Tinstall Tcheck Ttotal Status Flags
r-devel-linux-x86_64-debian-clang 0.3.1 6.21 72.75 78.96 NOTE
r-devel-linux-x86_64-debian-gcc 0.3.1 4.03 56.28 60.31 NOTE
r-devel-linux-x86_64-fedora-clang 0.3.1 11.00 107.40 118.40 OK
r-devel-linux-x86_64-fedora-gcc 0.3.1 21.00 120.22 141.22 OK
r-devel-windows-x86_64 0.3.1 10.00 91.00 101.00 OK
r-patched-linux-x86_64 0.3.1 6.46 67.17 73.63 OK
r-release-linux-x86_64 0.3.1 5.24 69.82 75.06 OK
r-release-macos-arm64 0.3.1 4.00 71.00 75.00 OK
r-release-macos-x86_64 0.3.1 5.00 70.00 75.00 OK
r-release-windows-x86_64 0.3.1 8.00 88.00 96.00 OK
r-oldrel-macos-arm64 0.3.1 2.00 36.00 38.00 OK
r-oldrel-macos-x86_64 0.3.1 4.00 58.00 62.00 OK
r-oldrel-windows-x86_64 0.3.1 11.00 110.00 121.00 OK

Check Details

Version: 0.3.1
Check: CRAN incoming feasibility
Result: NOTE Maintainer: ‘Keon-Woong Moon <cardiomoon@gmail.com>’ Package CITATION file contains call(s) to old-style citEntry(). Please use bibentry() instead. Flavors: r-devel-linux-x86_64-debian-clang, r-devel-linux-x86_64-debian-gcc