CRAN Package Check Results for Package mooplot

Last updated on 2025-11-16 04:48:43 CET.

Flavor Version Tinstall Tcheck Ttotal Status Flags
r-devel-linux-x86_64-debian-clang 0.1.1 3.09 44.58 47.67 OK
r-devel-linux-x86_64-debian-gcc 0.1.1 2.16 34.91 37.07 NOTE
r-devel-linux-x86_64-fedora-clang 0.1.1 16.00 53.98 69.98 OK
r-devel-linux-x86_64-fedora-gcc 0.1.1 64.14 OK
r-devel-windows-x86_64 0.1.1 6.00 69.00 75.00 OK
r-patched-linux-x86_64 0.1.1 3.01 40.55 43.56 OK
r-release-linux-x86_64 0.1.1 3.07 40.97 44.04 OK
r-release-macos-arm64 0.1.1 2.00 26.00 28.00 OK
r-release-macos-x86_64 0.1.1 4.00 47.00 51.00 OK
r-release-windows-x86_64 0.1.1 4.00 66.00 70.00 OK
r-oldrel-macos-arm64 0.1.1 2.00 29.00 31.00 OK
r-oldrel-macos-x86_64 0.1.1 4.00 68.00 72.00 OK
r-oldrel-windows-x86_64 0.1.1 6.00 80.00 86.00 OK

Check Details

Version: 0.1.1
Check: CRAN incoming feasibility
Result: NOTE Maintainer: ‘Manuel López-Ibáñez <manuel.lopez-ibanez@manchester.ac.uk>’ The BugReports field in DESCRIPTION has https://github.com/multi-objective/mooplot/issues/ which should likely be https://github.com/multi-objective/mooplot/issues/issues instead. Flavor: r-devel-linux-x86_64-debian-gcc