Last updated on 2024-08-25 05:49:27 CEST.
Flavor | Version | Tinstall | Tcheck | Ttotal | Status | Flags |
---|---|---|---|---|---|---|
r-devel-linux-x86_64-debian-clang | 3.2.3 | 72.49 | 81.73 | 154.22 | OK | |
r-devel-linux-x86_64-debian-gcc | 3.2.3 | 48.88 | 54.37 | 103.25 | OK | |
r-devel-linux-x86_64-fedora-clang | 3.2.3 | 265.99 | OK | |||
r-devel-linux-x86_64-fedora-gcc | 3.2.3 | 266.92 | OK | |||
r-devel-windows-x86_64 | 3.2.3 | 74.00 | 135.00 | 209.00 | OK | |
r-patched-linux-x86_64 | 3.2.3 | 68.80 | 76.24 | 145.04 | OK | |
r-release-linux-x86_64 | 3.2.3 | 69.82 | 78.85 | 148.67 | OK | |
r-release-macos-arm64 | 3.2.3 | 79.00 | NOTE | |||
r-release-macos-x86_64 | 3.2.3 | 84.00 | NOTE | |||
r-release-windows-x86_64 | 3.2.3 | 73.00 | 136.00 | 209.00 | OK | |
r-oldrel-macos-arm64 | 3.2.3 | 71.00 | NOTE | |||
r-oldrel-macos-x86_64 | 3.2.3 | 116.00 | NOTE | |||
r-oldrel-windows-x86_64 | 3.2.3 | 91.00 | 157.00 | 248.00 | OK |
Version: 3.2.3
Check: installed package size
Result: NOTE
installed size is 6.4Mb
sub-directories of 1Mb or more:
data 3.0Mb
libs 2.6Mb
Flavors: r-release-macos-arm64, r-release-macos-x86_64, r-oldrel-macos-arm64, r-oldrel-macos-x86_64