Last updated on 2025-11-16 04:48:43 CET.
| Flavor | Version | Tinstall | Tcheck | Ttotal | Status | Flags |
|---|---|---|---|---|---|---|
| r-devel-linux-x86_64-debian-clang | 3.2.1 | 14.10 | 170.57 | 184.67 | OK | |
| r-devel-linux-x86_64-debian-gcc | 3.2.1 | 9.60 | 118.64 | 128.24 | NOTE | |
| r-devel-linux-x86_64-fedora-clang | 3.2.1 | 30.00 | 259.07 | 289.07 | OK | |
| r-devel-linux-x86_64-fedora-gcc | 3.2.1 | 29.00 | 256.91 | 285.91 | OK | |
| r-devel-windows-x86_64 | 3.2.1 | 20.00 | 161.00 | 181.00 | OK | |
| r-patched-linux-x86_64 | 3.2.1 | 13.16 | 165.81 | 178.97 | OK | |
| r-release-linux-x86_64 | 3.2.1 | 14.42 | 166.64 | 181.06 | OK | |
| r-release-macos-arm64 | 3.2.1 | 6.00 | 70.00 | 76.00 | OK | |
| r-release-macos-x86_64 | 3.2.1 | 12.00 | 118.00 | 130.00 | OK | |
| r-release-windows-x86_64 | 3.2.1 | 14.00 | 159.00 | 173.00 | OK | |
| r-oldrel-macos-arm64 | 3.2.1 | 6.00 | 78.00 | 84.00 | OK | |
| r-oldrel-macos-x86_64 | 3.2.1 | 12.00 | 119.00 | 131.00 | OK | |
| r-oldrel-windows-x86_64 | 3.2.1 | 20.00 | 210.00 | 230.00 | OK |
Version: 3.2.1
Check: CRAN incoming feasibility
Result: NOTE
Maintainer: ‘Owen Jones <jones@biology.sdu.dk>’
The BugReports field in DESCRIPTION has
https://github.com/jonesor/mpmsim/issues/
which should likely be
https://github.com/jonesor/mpmsim/issues/issues
instead.
Flavor: r-devel-linux-x86_64-debian-gcc