Last updated on 2025-11-16 04:48:44 CET.
| Flavor | Version | Tinstall | Tcheck | Ttotal | Status | Flags |
|---|---|---|---|---|---|---|
| r-devel-linux-x86_64-debian-clang | 0.9.4 | 2.40 | 63.58 | 65.98 | NOTE | |
| r-devel-linux-x86_64-debian-gcc | 0.9.4 | 1.86 | 44.21 | 46.07 | NOTE | |
| r-devel-linux-x86_64-fedora-clang | 0.9.4 | 102.74 | OK | |||
| r-devel-linux-x86_64-fedora-gcc | 0.9.4 | 263.59 | OK | |||
| r-devel-windows-x86_64 | 0.9.4 | 5.00 | 78.00 | 83.00 | OK | |
| r-patched-linux-x86_64 | 0.9.4 | 3.04 | 60.61 | 63.65 | OK | |
| r-release-linux-x86_64 | 0.9.4 | 2.45 | 59.97 | 62.42 | OK | |
| r-release-macos-arm64 | 0.9.4 | 1.00 | 57.00 | 58.00 | OK | |
| r-release-macos-x86_64 | 0.9.4 | 2.00 | 179.00 | 181.00 | OK | |
| r-release-windows-x86_64 | 0.9.4 | 5.00 | 80.00 | 85.00 | OK | |
| r-oldrel-macos-arm64 | 0.9.4 | 1.00 | 65.00 | 66.00 | OK | |
| r-oldrel-macos-x86_64 | 0.9.4 | 2.00 | 107.00 | 109.00 | OK | |
| r-oldrel-windows-x86_64 | 0.9.4 | 5.00 | 93.00 | 98.00 | OK |
Version: 0.9.4
Check: CRAN incoming feasibility
Result: NOTE
Maintainer: ‘Jarrett Byrnes <jarrett.byrnes@umb.edu>’
Package CITATION file contains call(s) to old-style personList() or
as.personList(). Please use c() on person objects instead.
Package CITATION file contains call(s) to old-style citEntry(). Please
use bibentry() instead.
Flavors: r-devel-linux-x86_64-debian-clang, r-devel-linux-x86_64-debian-gcc